{"id":4696,"date":"2026-05-05T01:31:48","date_gmt":"2026-05-04T23:31:48","guid":{"rendered":"https:\/\/venusdailleurs.fr\/?page_id=4696"},"modified":"2026-05-05T01:42:54","modified_gmt":"2026-05-04T23:42:54","slug":"halo-n3","status":"publish","type":"page","link":"https:\/\/venusdailleurs.fr\/?page_id=4696","title":{"rendered":"HALO n\u00b03"},"content":{"rendered":"\n<p><strong><em>Western<\/em> <em>Magique, M\u00e9taphysique, Acide, Onirique, Surr\u00e9el, Merveilleux&#8230;<\/em><\/strong><em><br> <\/em><\/p>\n\n\n\n<p class=\"has-text-align-right\"><em>Certains sont n\u00e9s de plaisir doux, certains sont n\u00e9s de nuit sans fin.<\/em><\/p>\n\n\n\n<p class=\"has-text-align-right\">William Blake<\/p>\n\n\n\n<figure class=\"wp-block-image size-large is-resized\"><img decoding=\"async\" loading=\"lazy\" src=\"http:\/\/venusdailleurs.fr\/wp-content\/uploads\/2026\/02\/couv-HALO-4-682x1024.jpg\" alt=\"\" class=\"wp-image-4666\" width=\"422\" height=\"634\" srcset=\"https:\/\/venusdailleurs.fr\/wp-content\/uploads\/2026\/02\/couv-HALO-4-682x1024.jpg 682w, https:\/\/venusdailleurs.fr\/wp-content\/uploads\/2026\/02\/couv-HALO-4-200x300.jpg 200w, https:\/\/venusdailleurs.fr\/wp-content\/uploads\/2026\/02\/couv-HALO-4-768x1152.jpg 768w, https:\/\/venusdailleurs.fr\/wp-content\/uploads\/2026\/02\/couv-HALO-4.jpg 787w\" sizes=\"(max-width: 422px) 100vw, 422px\" \/><\/figure>\n\n\n\n<p>SOMMAIRE : <\/p>\n\n\n\n<p>Ulice Nobodi, <em>Deux lettres perdues<\/em><\/p>\n\n\n\n<p>Jim Linderman, <em>Drugstore cowboys &amp; cie<\/em><\/p>\n\n\n\n<p>Yoan Armand Gil, <em>Un fois au dessus du Temps\u2026<br>Entretien avec Dominique Pauvert<\/em><\/p>\n\n\n\n<p>Patrick Lepetit, <em>El Topo, western m\u00e9taphysique<\/em><\/p>\n\n\n\n<p>Eric Phalippou, <em>Zorro-Diego ou l\u2019agir-non-agir<\/em><\/p>\n\n\n\n<p>Nadia Barrientos, <em>Visions de Tonnerre<\/em><\/p>\n\n\n\n<p>Julien Flak, <em>Les gardiens du quatri\u00e8me Monde<\/em><\/p>\n\n\n\n<p>Claude Parisot, <em>L\u2019appel des Kachinas<\/em><\/p>\n\n\n\n<p>David Nadeau, <em>Phalanst\u00e8re Hopi<\/em><\/p>\n\n\n\n<p>Ilios Chailly, <em>Artaud et l\u2019autre r\u00e9gime du Temps<\/em><\/p>\n\n\n\n<p>Ars\u00e8ne Tryphon, <em>I\u2019m Harry Smith and i hate you<\/em><\/p>\n\n\n\n<p>Harry Smith, <em>L\u2019assembl\u00e9e du peyotl chez les Kiowa<\/em><\/p>\n\n\n\n<p>Ren\u00e9 Alleau, <em>Plantes hallucinog\u00e8nes divinatoires<\/em><\/p>\n\n\n\n<p>Ars\u00e8ne Tryphon &amp; Mr. Djub, <em>Duelling Banjos<\/em><\/p>\n\n\n\n<p><\/p>\n\n\n\n<p><strong>Liber galerie<\/strong> : Ren\u00e9 Alleau, Stephen Berkman, Guy Brunet, David Coulter, Darnish, Mr. Djub, Elzo Durt, Y. A. Gil, Jon Graham, Mickey Mason, Yves Reynier, Harry Young.<\/p>\n\n\n\n<p><\/p>\n\n\n\n<p>JUIN 2026<\/p>\n\n\n\n<p><\/p>\n\n\n\n<p>COMMANDER le num\u00e9ro<\/p>\n\n\n\n<p>COMMANDER trois num\u00e9ros<\/p>\n\n\n\n<p>COMMANDER trois num\u00e9ros + HS<\/p>\n","protected":false},"excerpt":{"rendered":"<p>Western Magique, M\u00e9taphysique, Acide, Onirique, Surr\u00e9el, Merveilleux&#8230; Certains sont n\u00e9s de plaisir doux, certains sont n\u00e9s de nuit sans fin. William Blake SOMMAIRE : Ulice Nobodi, Deux lettres perdues Jim Linderman, Drugstore cowboys &amp; cie Yoan Armand Gil, Un fois au dessus du Temps\u2026Entretien avec Dominique Pauvert Patrick Lepetit, El Topo, western m\u00e9taphysique Eric Phalippou, &hellip; <a href=\"https:\/\/venusdailleurs.fr\/?page_id=4696\" class=\"more-link\">Continuer la lecture de <span class=\"screen-reader-text\">HALO n\u00b03<\/span><\/a><\/p>\n","protected":false},"author":1,"featured_media":0,"parent":0,"menu_order":0,"comment_status":"closed","ping_status":"closed","template":"","meta":[],"_links":{"self":[{"href":"https:\/\/venusdailleurs.fr\/index.php?rest_route=\/wp\/v2\/pages\/4696"}],"collection":[{"href":"https:\/\/venusdailleurs.fr\/index.php?rest_route=\/wp\/v2\/pages"}],"about":[{"href":"https:\/\/venusdailleurs.fr\/index.php?rest_route=\/wp\/v2\/types\/page"}],"author":[{"embeddable":true,"href":"https:\/\/venusdailleurs.fr\/index.php?rest_route=\/wp\/v2\/users\/1"}],"replies":[{"embeddable":true,"href":"https:\/\/venusdailleurs.fr\/index.php?rest_route=%2Fwp%2Fv2%2Fcomments&post=4696"}],"version-history":[{"count":3,"href":"https:\/\/venusdailleurs.fr\/index.php?rest_route=\/wp\/v2\/pages\/4696\/revisions"}],"predecessor-version":[{"id":4703,"href":"https:\/\/venusdailleurs.fr\/index.php?rest_route=\/wp\/v2\/pages\/4696\/revisions\/4703"}],"wp:attachment":[{"href":"https:\/\/venusdailleurs.fr\/index.php?rest_route=%2Fwp%2Fv2%2Fmedia&parent=4696"}],"curies":[{"name":"wp","href":"https:\/\/api.w.org\/{rel}","templated":true}]}}