{"id":4620,"date":"2026-01-09T20:34:05","date_gmt":"2026-01-09T19:34:05","guid":{"rendered":"https:\/\/venusdailleurs.fr\/?page_id=4620"},"modified":"2026-01-09T20:34:05","modified_gmt":"2026-01-09T19:34:05","slug":"la-mort-se-fait-la-belle","status":"publish","type":"page","link":"https:\/\/venusdailleurs.fr\/?page_id=4620","title":{"rendered":"La mort se fait la belle"},"content":{"rendered":"\n<p>Ars\u00e8ne Tryphon &amp; Tristan Felix<\/p>\n\n\n\n<figure class=\"wp-block-image size-large\"><img decoding=\"async\" loading=\"lazy\" width=\"1008\" height=\"1024\" src=\"https:\/\/venusdailleurs.fr\/wp-content\/uploads\/2026\/01\/0027089587_10-1008x1024.jpg\" alt=\"\" class=\"wp-image-4622\" srcset=\"https:\/\/venusdailleurs.fr\/wp-content\/uploads\/2026\/01\/0027089587_10-1008x1024.jpg 1008w, https:\/\/venusdailleurs.fr\/wp-content\/uploads\/2026\/01\/0027089587_10-295x300.jpg 295w, https:\/\/venusdailleurs.fr\/wp-content\/uploads\/2026\/01\/0027089587_10-768x780.jpg 768w, https:\/\/venusdailleurs.fr\/wp-content\/uploads\/2026\/01\/0027089587_10.jpg 1181w\" sizes=\"(max-width: 1008px) 100vw, 1008px\" \/><\/figure>\n\n\n\n<p>Album 12 Titres 45mn<br>Tristan Felix : Chant, vocalises, Kazoo et autres bruits de bouche<br>Musique et instruments par Ars\u00e8ne Tryphon<br>Featuring Liryc Non-stop (la fosse aux r\u00eaves)<br>Artwork cover : Tristan felix &amp; Y.A.Gil<\/p>\n\n\n\n<p><a href=\"https:\/\/arsenetryphon.bandcamp.com\/album\/la-mort-se-fait-la-belle-2\">\u00c9COUTER L&rsquo;ALBUM<\/a><\/p>\n\n\n\n<p><a href=\"https:\/\/venus-dailleurs.sumupstore.com\/product\/la-mort-se-fait-la-belle\">COMMANDER L&rsquo;ALBUM<\/a><\/p>\n","protected":false},"excerpt":{"rendered":"<p>Ars\u00e8ne Tryphon &amp; Tristan Felix Album 12 Titres 45mnTristan Felix : Chant, vocalises, Kazoo et autres bruits de boucheMusique et instruments par Ars\u00e8ne TryphonFeaturing Liryc Non-stop (la fosse aux r\u00eaves)Artwork cover : Tristan felix &amp; Y.A.Gil \u00c9COUTER L&rsquo;ALBUM COMMANDER L&rsquo;ALBUM<\/p>\n","protected":false},"author":1,"featured_media":0,"parent":0,"menu_order":0,"comment_status":"closed","ping_status":"closed","template":"","meta":[],"_links":{"self":[{"href":"https:\/\/venusdailleurs.fr\/index.php?rest_route=\/wp\/v2\/pages\/4620"}],"collection":[{"href":"https:\/\/venusdailleurs.fr\/index.php?rest_route=\/wp\/v2\/pages"}],"about":[{"href":"https:\/\/venusdailleurs.fr\/index.php?rest_route=\/wp\/v2\/types\/page"}],"author":[{"embeddable":true,"href":"https:\/\/venusdailleurs.fr\/index.php?rest_route=\/wp\/v2\/users\/1"}],"replies":[{"embeddable":true,"href":"https:\/\/venusdailleurs.fr\/index.php?rest_route=%2Fwp%2Fv2%2Fcomments&post=4620"}],"version-history":[{"count":1,"href":"https:\/\/venusdailleurs.fr\/index.php?rest_route=\/wp\/v2\/pages\/4620\/revisions"}],"predecessor-version":[{"id":4623,"href":"https:\/\/venusdailleurs.fr\/index.php?rest_route=\/wp\/v2\/pages\/4620\/revisions\/4623"}],"wp:attachment":[{"href":"https:\/\/venusdailleurs.fr\/index.php?rest_route=%2Fwp%2Fv2%2Fmedia&parent=4620"}],"curies":[{"name":"wp","href":"https:\/\/api.w.org\/{rel}","templated":true}]}}