{"id":4316,"date":"2025-04-08T23:38:44","date_gmt":"2025-04-08T21:38:44","guid":{"rendered":"https:\/\/venusdailleurs.fr\/?page_id=4316"},"modified":"2025-04-08T23:38:44","modified_gmt":"2025-04-08T21:38:44","slug":"lecole-decadente","status":"publish","type":"page","link":"https:\/\/venusdailleurs.fr\/?page_id=4316","title":{"rendered":"L&rsquo;\u00e9cole d\u00e9cadente"},"content":{"rendered":"\n<p><strong>Anatole Baju<\/strong><\/p>\n\n\n\n<figure class=\"wp-block-image size-full\"><img decoding=\"async\" loading=\"lazy\" width=\"507\" height=\"658\" src=\"https:\/\/venusdailleurs.fr\/wp-content\/uploads\/2025\/04\/Lecole-decadente-1.jpg\" alt=\"\" class=\"wp-image-4317\" srcset=\"https:\/\/venusdailleurs.fr\/wp-content\/uploads\/2025\/04\/Lecole-decadente-1.jpg 507w, https:\/\/venusdailleurs.fr\/wp-content\/uploads\/2025\/04\/Lecole-decadente-1-231x300.jpg 231w\" sizes=\"(max-width: 507px) 100vw, 507px\" \/><\/figure>\n\n\n\n<p><\/p>\n\n\n\n<p>On a contest\u00e9 aux D\u00e9cadents le pouvoir de faire \u00e9cole. On a pr\u00e9tendu qu\u2019ils sont des anomalies regrettables et, par suite, impuissants \u00e0 toutes sortes de productions. On en a m\u00eame appel\u00e9 \u00e0 quelques \u00e9nergum\u00e8nes de l\u2019\u00e9lucubration et de l\u2019incoh\u00e9rence pour prouver par leurs grimoires que l\u2019existence des D\u00e9cadents en tant qu\u2019\u00e9cole est une simple farce et ne vaut pas la peine qu\u2019on s\u2019y arr\u00eate.<br>J\u2019ai le devoir imp\u00e9rieux de ne pas laisser se propager plus longtemps les clameurs blasph\u00e9matoires que d\u2019incurables scribes ont fait parvenir jusqu\u2019\u00e0 nos oreilles, bien que ces bruits ne soient qu\u2019une cons\u00e9quence naturelle de l\u2019existence de l\u2019\u00e9cole et une ind\u00e9niable preuve de sa vitalit\u00e9.<br>Les D\u00e9cadents ont un chef suivi de toute une pl\u00e9iade de jeunes \u00e9crivains, une esth\u00e9tique nouvelle, un \u00e9diteur et, m\u00eame, des lecteurs. Que faut-il de plus pour constituer une \u00e9cole ?<\/p>\n\n\n\n<p>42 pages. 14&#215;18 cm<\/p>\n\n\n\n<p>8 \u20ac<\/p>\n\n\n\n<p><a href=\"https:\/\/venus-dailleurs.sumupstore.com\/article\/l-ecole-decadente\">COMMANDER<\/a><\/p>\n\n\n\n<p><\/p>\n","protected":false},"excerpt":{"rendered":"<p>Anatole Baju On a contest\u00e9 aux D\u00e9cadents le pouvoir de faire \u00e9cole. On a pr\u00e9tendu qu\u2019ils sont des anomalies regrettables et, par suite, impuissants \u00e0 toutes sortes de productions. On en a m\u00eame appel\u00e9 \u00e0 quelques \u00e9nergum\u00e8nes de l\u2019\u00e9lucubration et de l\u2019incoh\u00e9rence pour prouver par leurs grimoires que l\u2019existence des D\u00e9cadents en tant qu\u2019\u00e9cole est &hellip; <a href=\"https:\/\/venusdailleurs.fr\/?page_id=4316\" class=\"more-link\">Continuer la lecture de <span class=\"screen-reader-text\">L&rsquo;\u00e9cole d\u00e9cadente<\/span><\/a><\/p>\n","protected":false},"author":1,"featured_media":0,"parent":0,"menu_order":0,"comment_status":"closed","ping_status":"closed","template":"","meta":[],"_links":{"self":[{"href":"https:\/\/venusdailleurs.fr\/index.php?rest_route=\/wp\/v2\/pages\/4316"}],"collection":[{"href":"https:\/\/venusdailleurs.fr\/index.php?rest_route=\/wp\/v2\/pages"}],"about":[{"href":"https:\/\/venusdailleurs.fr\/index.php?rest_route=\/wp\/v2\/types\/page"}],"author":[{"embeddable":true,"href":"https:\/\/venusdailleurs.fr\/index.php?rest_route=\/wp\/v2\/users\/1"}],"replies":[{"embeddable":true,"href":"https:\/\/venusdailleurs.fr\/index.php?rest_route=%2Fwp%2Fv2%2Fcomments&post=4316"}],"version-history":[{"count":1,"href":"https:\/\/venusdailleurs.fr\/index.php?rest_route=\/wp\/v2\/pages\/4316\/revisions"}],"predecessor-version":[{"id":4318,"href":"https:\/\/venusdailleurs.fr\/index.php?rest_route=\/wp\/v2\/pages\/4316\/revisions\/4318"}],"wp:attachment":[{"href":"https:\/\/venusdailleurs.fr\/index.php?rest_route=%2Fwp%2Fv2%2Fmedia&parent=4316"}],"curies":[{"name":"wp","href":"https:\/\/api.w.org\/{rel}","templated":true}]}}