{"id":4085,"date":"2024-09-08T13:39:03","date_gmt":"2024-09-08T11:39:03","guid":{"rendered":"https:\/\/venusdailleurs.fr\/?page_id=4085"},"modified":"2024-09-08T13:41:58","modified_gmt":"2024-09-08T11:41:58","slug":"la-pierre-philosophale","status":"publish","type":"page","link":"https:\/\/venusdailleurs.fr\/?page_id=4085","title":{"rendered":"La pierre philosophale"},"content":{"rendered":"\n<p>Malcolm de Chazal<\/p>\n\n\n\n<figure class=\"wp-block-image size-full\"><img decoding=\"async\" loading=\"lazy\" width=\"504\" height=\"678\" src=\"https:\/\/venusdailleurs.fr\/wp-content\/uploads\/2024\/09\/chazal2.jpg\" alt=\"\" class=\"wp-image-4086\" srcset=\"https:\/\/venusdailleurs.fr\/wp-content\/uploads\/2024\/09\/chazal2.jpg 504w, https:\/\/venusdailleurs.fr\/wp-content\/uploads\/2024\/09\/chazal2-223x300.jpg 223w\" sizes=\"(max-width: 504px) 100vw, 504px\" \/><\/figure>\n\n\n\n<p>Pr\u00e9face de Patrick Lepetit : \u00ab\u00a0Grand mythe p\u00e9tr\u00e9\u00a0\u00bb et pierre philosophale<br>La L\u00e9murie de Malcolm de Chazal<\/p>\n\n\n\n<p>Cette publication, ant\u00e9rieure \u00e0 Petrusmok, pr\u00e9sente les grandes figures mythiques de pierre de la montagne de Pieter-Both \u00e0 l\u2019\u00eele Maurice.<\/p>\n\n\n\n<p>86 pages 14\u00d718 cm.<\/p>\n\n\n\n<p>8 \u20ac<\/p>\n\n\n\n<p><a href=\"https:\/\/venus-dailleurs.sumupstore.com\/article\/la-pierre-philosophale\">COMMANDER<\/a><\/p>\n\n\n\n<p><br><\/p>\n","protected":false},"excerpt":{"rendered":"<p>Malcolm de Chazal Pr\u00e9face de Patrick Lepetit : \u00ab\u00a0Grand mythe p\u00e9tr\u00e9\u00a0\u00bb et pierre philosophaleLa L\u00e9murie de Malcolm de Chazal Cette publication, ant\u00e9rieure \u00e0 Petrusmok, pr\u00e9sente les grandes figures mythiques de pierre de la montagne de Pieter-Both \u00e0 l\u2019\u00eele Maurice. 86 pages 14\u00d718 cm. 8 \u20ac COMMANDER<\/p>\n","protected":false},"author":1,"featured_media":0,"parent":0,"menu_order":0,"comment_status":"closed","ping_status":"closed","template":"","meta":[],"_links":{"self":[{"href":"https:\/\/venusdailleurs.fr\/index.php?rest_route=\/wp\/v2\/pages\/4085"}],"collection":[{"href":"https:\/\/venusdailleurs.fr\/index.php?rest_route=\/wp\/v2\/pages"}],"about":[{"href":"https:\/\/venusdailleurs.fr\/index.php?rest_route=\/wp\/v2\/types\/page"}],"author":[{"embeddable":true,"href":"https:\/\/venusdailleurs.fr\/index.php?rest_route=\/wp\/v2\/users\/1"}],"replies":[{"embeddable":true,"href":"https:\/\/venusdailleurs.fr\/index.php?rest_route=%2Fwp%2Fv2%2Fcomments&post=4085"}],"version-history":[{"count":3,"href":"https:\/\/venusdailleurs.fr\/index.php?rest_route=\/wp\/v2\/pages\/4085\/revisions"}],"predecessor-version":[{"id":4089,"href":"https:\/\/venusdailleurs.fr\/index.php?rest_route=\/wp\/v2\/pages\/4085\/revisions\/4089"}],"wp:attachment":[{"href":"https:\/\/venusdailleurs.fr\/index.php?rest_route=%2Fwp%2Fv2%2Fmedia&parent=4085"}],"curies":[{"name":"wp","href":"https:\/\/api.w.org\/{rel}","templated":true}]}}