{"id":2280,"date":"2023-06-11T12:00:12","date_gmt":"2023-06-11T10:00:12","guid":{"rendered":"http:\/\/venusdailleurs.fr\/?page_id=2280"},"modified":"2023-06-11T12:00:12","modified_gmt":"2023-06-11T10:00:12","slug":"religion-et-revolution","status":"publish","type":"page","link":"https:\/\/venusdailleurs.fr\/?page_id=2280","title":{"rendered":"Religion et R\u00e9volution"},"content":{"rendered":"\n<p><strong>Hakim Bey<\/strong><\/p>\n\n\n\n<figure class=\"wp-block-image size-full\"><img decoding=\"async\" loading=\"lazy\" width=\"514\" height=\"666\" src=\"http:\/\/venusdailleurs.fr\/wp-content\/uploads\/2023\/06\/idea-anar-Copie.jpg\" alt=\"\" class=\"wp-image-2104\" srcset=\"https:\/\/venusdailleurs.fr\/wp-content\/uploads\/2023\/06\/idea-anar-Copie.jpg 514w, https:\/\/venusdailleurs.fr\/wp-content\/uploads\/2023\/06\/idea-anar-Copie-232x300.jpg 232w\" sizes=\"(max-width: 514px) 100vw, 514px\" \/><\/figure>\n\n\n\n<p>\u00abIl n\u2019y a pas d\u2019argent magique!\u00bb<\/p>\n\n\n\n<p class=\"has-text-align-right\"><br>Le roi N\u00e9cron,<br><em>La petite balade du grand macabre<\/em><\/p>\n\n\n\n<p><br>Les \u00e9changes commerciaux n\u2019eurent pas du tout, \u00e0 l\u2019origine, la physionomie que nous leur connaissons. Ils commenc\u00e8rent par \u00eatre des \u00e9changes de dons, et, assez souvent, ils s\u2019accompagnaient d\u2019une destruction ostentatoire d\u2019\u00eatres ou d\u2019objets, destruction qui op\u00e9rait une incorporation du sacr\u00e9. [&#8230;] Pendant des mill\u00e9naires, les tractations commerciales s\u2019int\u00e9gr\u00e8rent dans les c\u00e9r\u00e9monies de l\u2019initiation ; m\u00eame lorsqu\u2019elles s\u2019en furent dessoud\u00e9es, elles y rest\u00e8rent longtemps accol\u00e9es, et gard\u00e8rent un caract\u00e8re religieux.<\/p>\n\n\n\n<p class=\"has-text-align-right\"><br>Pierre Gardon, <em>Le mythe d\u2019Herm\u00e8s<\/em><\/p>\n\n\n\n<p><\/p>\n\n\n\n<p>30 pages 14&#215;18 cm.<\/p>\n\n\n\n<p>8 \u20ac<\/p>\n\n\n\n<p>\u200b<\/p>\n\n\n\n<p><a href=\"https:\/\/venus-dailleurs.sumupstore.com\/article\/religion-and-revolution\" target=\"_blank\" rel=\"noreferrer noopener\">COMMANDER<\/a><\/p>\n","protected":false},"excerpt":{"rendered":"<p>Hakim Bey \u00abIl n\u2019y a pas d\u2019argent magique!\u00bb Le roi N\u00e9cron,La petite balade du grand macabre Les \u00e9changes commerciaux n\u2019eurent pas du tout, \u00e0 l\u2019origine, la physionomie que nous leur connaissons. Ils commenc\u00e8rent par \u00eatre des \u00e9changes de dons, et, assez souvent, ils s\u2019accompagnaient d\u2019une destruction ostentatoire d\u2019\u00eatres ou d\u2019objets, destruction qui op\u00e9rait une incorporation &hellip; <a href=\"https:\/\/venusdailleurs.fr\/?page_id=2280\" class=\"more-link\">Continuer la lecture de <span class=\"screen-reader-text\">Religion et R\u00e9volution<\/span><\/a><\/p>\n","protected":false},"author":1,"featured_media":0,"parent":0,"menu_order":0,"comment_status":"closed","ping_status":"closed","template":"","meta":[],"_links":{"self":[{"href":"https:\/\/venusdailleurs.fr\/index.php?rest_route=\/wp\/v2\/pages\/2280"}],"collection":[{"href":"https:\/\/venusdailleurs.fr\/index.php?rest_route=\/wp\/v2\/pages"}],"about":[{"href":"https:\/\/venusdailleurs.fr\/index.php?rest_route=\/wp\/v2\/types\/page"}],"author":[{"embeddable":true,"href":"https:\/\/venusdailleurs.fr\/index.php?rest_route=\/wp\/v2\/users\/1"}],"replies":[{"embeddable":true,"href":"https:\/\/venusdailleurs.fr\/index.php?rest_route=%2Fwp%2Fv2%2Fcomments&post=2280"}],"version-history":[{"count":1,"href":"https:\/\/venusdailleurs.fr\/index.php?rest_route=\/wp\/v2\/pages\/2280\/revisions"}],"predecessor-version":[{"id":2281,"href":"https:\/\/venusdailleurs.fr\/index.php?rest_route=\/wp\/v2\/pages\/2280\/revisions\/2281"}],"wp:attachment":[{"href":"https:\/\/venusdailleurs.fr\/index.php?rest_route=%2Fwp%2Fv2%2Fmedia&parent=2280"}],"curies":[{"name":"wp","href":"https:\/\/api.w.org\/{rel}","templated":true}]}}