{"id":3935,"date":"2024-03-25T21:20:32","date_gmt":"2024-03-25T20:20:32","guid":{"rendered":"http:\/\/venusdailleurs.fr\/?page_id=3935"},"modified":"2024-04-05T16:22:18","modified_gmt":"2024-04-05T14:22:18","slug":"le-chateau-etoile-et-la-parole-perdue","status":"publish","type":"page","link":"http:\/\/venusdailleurs.fr\/?page_id=3935","title":{"rendered":"Le ch\u00e2teau \u00e9toil\u00e9 et la parole perdue"},"content":{"rendered":"\n<p>Catalogue de l&rsquo;exposition au mus\u00e9e de la franc-ma\u00e7onnerie du <strong>25 avril \u2013 15 septembre 2024<\/strong><\/p>\n\n\n<div class=\"wp-block-image\">\n<figure class=\"aligncenter size-large is-resized\"><img decoding=\"async\" loading=\"lazy\" src=\"http:\/\/venusdailleurs.fr\/wp-content\/uploads\/2024\/04\/COUV-le-chateau-etoile-et-la-parole-perdue-2-3-1024x1024.jpg\" alt=\"\" class=\"wp-image-4044\" width=\"599\" height=\"599\" srcset=\"http:\/\/venusdailleurs.fr\/wp-content\/uploads\/2024\/04\/COUV-le-chateau-etoile-et-la-parole-perdue-2-3-1024x1024.jpg 1024w, http:\/\/venusdailleurs.fr\/wp-content\/uploads\/2024\/04\/COUV-le-chateau-etoile-et-la-parole-perdue-2-3-300x300.jpg 300w, http:\/\/venusdailleurs.fr\/wp-content\/uploads\/2024\/04\/COUV-le-chateau-etoile-et-la-parole-perdue-2-3-150x150.jpg 150w, http:\/\/venusdailleurs.fr\/wp-content\/uploads\/2024\/04\/COUV-le-chateau-etoile-et-la-parole-perdue-2-3-768x768.jpg 768w, http:\/\/venusdailleurs.fr\/wp-content\/uploads\/2024\/04\/COUV-le-chateau-etoile-et-la-parole-perdue-2-3-1536x1536.jpg 1536w, http:\/\/venusdailleurs.fr\/wp-content\/uploads\/2024\/04\/COUV-le-chateau-etoile-et-la-parole-perdue-2-3.jpg 1772w\" sizes=\"(max-width: 599px) 100vw, 599px\" \/><\/figure><\/div>\n\n\n<p>20 x 28 cm, 184 pages couleurs. 29 \u20ac<\/p>\n\n\n\n<p>Guillaume Trichard, <em><strong>Avant propos<\/strong><\/em><\/p>\n\n\n\n<p>Th\u00e9o Plantefol, <em><strong>Le merveilleux surr\u00e9aliste<\/strong><\/em><\/p>\n\n\n\n<p>Guy Girard, <em><strong>La main du grand transparent<\/strong><\/em><\/p>\n\n\n\n<p>David Nadeau, <em><strong>Le \u00ab Talisman de Charles Fourrier \u00bb : faux ou authentique ?<\/strong><\/em><\/p>\n\n\n\n<p>Patrick Lepetit, <em><strong>Ittel Coquhun, franc-ma\u00e7onne et surr\u00e9aliste oubli\u00e9e \/<\/strong><\/em><\/p>\n\n\n\n<p><em><strong>Roland Sig, d\u00e9couverte d\u2019un surr\u00e9aliste \/ Jorge Camacho \u00abanartiste\u00bb<\/strong><\/em><\/p>\n\n\n\n<p>Emmanuel Bauchard, <em><strong>Pierre Mabille et la logique initiatique<\/strong><\/em><\/p>\n\n\n\n<p>Pierre Mabille, <em><strong>Le secret de l\u2019initiation<\/strong><\/em><\/p>\n\n\n\n<p>Laurent Segalini, <em><strong>Fulcanelli, Chaudet et Philovite\u2026<\/strong><\/em><\/p>\n\n\n\n<p>Ren\u00e9 Alleau, <em><strong>L\u2019origine de la franc-ma\u00e7onnerie<\/strong><\/em><\/p>\n\n\n\n<p>Jean-Pierre Lassalle, <em><strong>Andr\u00e9 Breton et la Franc-Ma\u00e7onnerie<\/strong><\/em><\/p>\n\n\n\n<p>Pierre Mollier, <em><strong>Jean-Pierre Lassalle \/<\/strong><\/em><\/p>\n\n\n\n<p><em><strong>Surr\u00e9alisme et initiation, la loge Th\u00e9bah en 1960<\/strong><\/em><\/p>\n\n\n\n<p>Marie-Dominique Massoni, <em><strong>Habiter l\u2019analogie,<\/strong><\/em><\/p>\n\n\n\n<p><em><strong>les \u00eeles volantes de l\u2019architecture utopique<\/strong><\/em><\/p>\n\n\n\n<p>Ivo Pur\u0161<em><strong>, Ren\u00e9 Alleau et Prague<\/strong><\/em><\/p>\n\n\n\n<p>Charles Jameux, <em><strong>Anarchie, surr\u00e9alisme et Franc-ma\u00e7onnerie<\/strong><\/em><\/p>\n\n\n\n<p>Patrice Conti et Jos\u00e9 Mangani, <em><strong>Le parcours ma\u00e7onnique d\u2019Endre Rozsda<\/strong><\/em><\/p>\n\n\n\n<p><\/p>\n\n\n\n<p><a href=\"https:\/\/venus-dailleurs.sumupstore.com\/article\/le-chateau-etoile-et-la-parole-perdue\">COMMANDER<\/a><\/p>\n","protected":false},"excerpt":{"rendered":"<p>Catalogue de l&rsquo;exposition au mus\u00e9e de la franc-ma\u00e7onnerie du 25 avril \u2013 15 septembre 2024 20 x 28 cm, 184 pages couleurs. 29 \u20ac Guillaume Trichard, Avant propos Th\u00e9o Plantefol, Le merveilleux surr\u00e9aliste Guy Girard, La main du grand transparent David Nadeau, Le \u00ab Talisman de Charles Fourrier \u00bb : faux ou authentique ? Patrick &hellip; <a href=\"http:\/\/venusdailleurs.fr\/?page_id=3935\" class=\"more-link\">Continuer la lecture de <span class=\"screen-reader-text\">Le ch\u00e2teau \u00e9toil\u00e9 et la parole perdue<\/span><\/a><\/p>\n","protected":false},"author":1,"featured_media":0,"parent":0,"menu_order":0,"comment_status":"closed","ping_status":"closed","template":"","meta":[],"_links":{"self":[{"href":"http:\/\/venusdailleurs.fr\/index.php?rest_route=\/wp\/v2\/pages\/3935"}],"collection":[{"href":"http:\/\/venusdailleurs.fr\/index.php?rest_route=\/wp\/v2\/pages"}],"about":[{"href":"http:\/\/venusdailleurs.fr\/index.php?rest_route=\/wp\/v2\/types\/page"}],"author":[{"embeddable":true,"href":"http:\/\/venusdailleurs.fr\/index.php?rest_route=\/wp\/v2\/users\/1"}],"replies":[{"embeddable":true,"href":"http:\/\/venusdailleurs.fr\/index.php?rest_route=%2Fwp%2Fv2%2Fcomments&post=3935"}],"version-history":[{"count":4,"href":"http:\/\/venusdailleurs.fr\/index.php?rest_route=\/wp\/v2\/pages\/3935\/revisions"}],"predecessor-version":[{"id":4045,"href":"http:\/\/venusdailleurs.fr\/index.php?rest_route=\/wp\/v2\/pages\/3935\/revisions\/4045"}],"wp:attachment":[{"href":"http:\/\/venusdailleurs.fr\/index.php?rest_route=%2Fwp%2Fv2%2Fmedia&parent=3935"}],"curies":[{"name":"wp","href":"https:\/\/api.w.org\/{rel}","templated":true}]}}

Le château étoilé et la parole perdue

<p>Catalogue de l&rsquo;exposition au musée de la franc-maçonnerie du <strong>25 avril – 15 septembre 2024</strong></p>


<div class="wp-block-image">
<figure class="aligncenter size-large is-resized"><img decoding="async" loading="lazy" src="http://venusdailleurs.fr/wp-content/uploads/2024/04/COUV-le-chateau-etoile-et-la-parole-perdue-2-3-1024x1024.jpg" alt="" class="wp-image-4044" width="599" height="599" srcset="http://venusdailleurs.fr/wp-content/uploads/2024/04/COUV-le-chateau-etoile-et-la-parole-perdue-2-3-1024x1024.jpg 1024w, http://venusdailleurs.fr/wp-content/uploads/2024/04/COUV-le-chateau-etoile-et-la-parole-perdue-2-3-300x300.jpg 300w, http://venusdailleurs.fr/wp-content/uploads/2024/04/COUV-le-chateau-etoile-et-la-parole-perdue-2-3-150x150.jpg 150w, http://venusdailleurs.fr/wp-content/uploads/2024/04/COUV-le-chateau-etoile-et-la-parole-perdue-2-3-768x768.jpg 768w, http://venusdailleurs.fr/wp-content/uploads/2024/04/COUV-le-chateau-etoile-et-la-parole-perdue-2-3-1536x1536.jpg 1536w, http://venusdailleurs.fr/wp-content/uploads/2024/04/COUV-le-chateau-etoile-et-la-parole-perdue-2-3.jpg 1772w" sizes="(max-width: 599px) 100vw, 599px" /></figure></div>


<p>20 x 28 cm, 184 pages couleurs. 29 €</p>



<p>Guillaume Trichard, <em><strong>Avant propos</strong></em></p>



<p>Théo Plantefol, <em><strong>Le merveilleux surréaliste</strong></em></p>



<p>Guy Girard, <em><strong>La main du grand transparent</strong></em></p>



<p>David Nadeau, <em><strong>Le « Talisman de Charles Fourrier » : faux ou authentique ?</strong></em></p>



<p>Patrick Lepetit, <em><strong>Ittel Coquhun, franc-maçonne et surréaliste oubliée /</strong></em></p>



<p><em><strong>Roland Sig, découverte d’un surréaliste / Jorge Camacho «anartiste»</strong></em></p>



<p>Emmanuel Bauchard, <em><strong>Pierre Mabille et la logique initiatique</strong></em></p>



<p>Pierre Mabille, <em><strong>Le secret de l’initiation</strong></em></p>



<p>Laurent Segalini, <em><strong>Fulcanelli, Chaudet et Philovite…</strong></em></p>



<p>René Alleau, <em><strong>L’origine de la franc-maçonnerie</strong></em></p>



<p>Jean-Pierre Lassalle, <em><strong>André Breton et la Franc-Maçonnerie</strong></em></p>



<p>Pierre Mollier, <em><strong>Jean-Pierre Lassalle /</strong></em></p>



<p><em><strong>Surréalisme et initiation, la loge Thébah en 1960</strong></em></p>



<p>Marie-Dominique Massoni, <em><strong>Habiter l’analogie,</strong></em></p>



<p><em><strong>les îles volantes de l’architecture utopique</strong></em></p>



<p>Ivo Purš<em><strong>, René Alleau et Prague</strong></em></p>



<p>Charles Jameux, <em><strong>Anarchie, surréalisme et Franc-maçonnerie</strong></em></p>



<p>Patrice Conti et José Mangani, <em><strong>Le parcours maçonnique d’Endre Rozsda</strong></em></p>



<p></p>



<p><a href="https://venus-dailleurs.sumupstore.com/article/le-chateau-etoile-et-la-parole-perdue">COMMANDER</a></p>

<p>Catalogue de l&rsquo;exposition au musée de la franc-maçonnerie du 25 avril – 15 septembre 2024 20 x 28 cm, 184 pages couleurs. 29 € Guillaume Trichard, Avant propos Théo Plantefol, Le merveilleux surréaliste Guy Girard, La main du grand transparent David Nadeau, Le « Talisman de Charles Fourrier » : faux ou authentique ? Patrick &hellip; <a href="http://venusdailleurs.fr/?page_id=3935" class="more-link">Continuer la lecture de <span class="screen-reader-text">Le château étoilé et la parole perdue</span></a></p>
