{"id":3835,"date":"2023-06-15T02:15:53","date_gmt":"2023-06-15T00:15:53","guid":{"rendered":"http:\/\/venusdailleurs.fr\/?page_id=3835"},"modified":"2023-06-15T02:18:03","modified_gmt":"2023-06-15T00:18:03","slug":"camille-coppinger","status":"publish","type":"page","link":"http:\/\/venusdailleurs.fr\/?page_id=3835","title":{"rendered":"Camille Coppinger"},"content":{"rendered":"<div class=\"wp-block-image\">\n<figure class=\"aligncenter size-full\"><img decoding=\"async\" loading=\"lazy\" width=\"225\" height=\"225\" src=\"http:\/\/venusdailleurs.fr\/wp-content\/uploads\/2023\/06\/AVT_Camille-Coppinger_7960.webp\" alt=\"\" class=\"wp-image-3836\" srcset=\"http:\/\/venusdailleurs.fr\/wp-content\/uploads\/2023\/06\/AVT_Camille-Coppinger_7960.webp 225w, http:\/\/venusdailleurs.fr\/wp-content\/uploads\/2023\/06\/AVT_Camille-Coppinger_7960-150x150.webp 150w\" sizes=\"(max-width: 225px) 100vw, 225px\" \/><\/figure><\/div>\n\n\n<p><strong><mark style=\"background-color:rgba(0, 0, 0, 0)\" class=\"has-inline-color has-medium-pink-color\">Site <\/mark><\/strong>: <a href=\"https:\/\/www.babelio.com\/auteur\/Camille-Coppinger\/269580\">Babelio<\/a><\/p>\n\n\n\n<p><\/p>\n\n\n\n<p><strong><mark style=\"background-color:rgba(0, 0, 0, 0)\" class=\"has-inline-color has-medium-pink-color\">Ouvrage <\/mark><\/strong>: <a href=\"http:\/\/venusdailleurs.fr\/?page_id=2147\">R\u00eaveur d\u00e9finitif<\/a><\/p>\n\n\n\n<p><strong><mark style=\"background-color:rgba(0, 0, 0, 0)\" class=\"has-inline-color has-medium-pink-color\">Ouvrages de Ren\u00e9 Alleau <\/mark><\/strong>:<\/p>\n\n\n\n<p><a href=\"http:\/\/venusdailleurs.fr\/?page_id=2149\">Lettres scell\u00e9es<\/a><\/p>\n\n\n\n<p><a href=\"http:\/\/venusdailleurs.fr\/?page_id=2319\">Graviva Rediviva<\/a><\/p>\n\n\n\n<p><a href=\"http:\/\/venusdailleurs.fr\/?page_id=2313\">De Marx \u00e0 Guenon<\/a><\/p>\n\n\n\n<p><a href=\"http:\/\/venusdailleurs.fr\/?page_id=2310\">Au-del\u00e0 du scientisme \u2013 Au-del\u00e0 de l\u2019occultisme<\/a><\/p>\n\n\n\n<p><a href=\"http:\/\/venusdailleurs.fr\/?page_id=2308\">Le myst\u00e9rieux Livre d\u2019Heures du r\u00eave d\u2019Elisa<\/a><\/p>\n\n\n\n<p><a href=\"http:\/\/venusdailleurs.fr\/?page_id=2316\">La messe des fous<\/a><\/p>\n\n\n\n<p><strong><mark style=\"background-color:rgba(0, 0, 0, 0)\" class=\"has-inline-color has-medium-pink-color\">Expositions <\/mark><\/strong>:<\/p>\n\n\n\n<p><a href=\"http:\/\/venusdailleurs.fr\/?page_id=2419\">\u00e0 flanc d\u2019ab\u00eeme<\/a><\/p>\n\n\n\n<p><\/p>\n","protected":false},"excerpt":{"rendered":"<p>Site : Babelio Ouvrage : R\u00eaveur d\u00e9finitif Ouvrages de Ren\u00e9 Alleau : Lettres scell\u00e9es Graviva Rediviva De Marx \u00e0 Guenon Au-del\u00e0 du scientisme \u2013 Au-del\u00e0 de l\u2019occultisme Le myst\u00e9rieux Livre d\u2019Heures du r\u00eave d\u2019Elisa La messe des fous Expositions : \u00e0 flanc d\u2019ab\u00eeme<\/p>\n","protected":false},"author":1,"featured_media":0,"parent":0,"menu_order":0,"comment_status":"closed","ping_status":"closed","template":"","meta":[],"_links":{"self":[{"href":"http:\/\/venusdailleurs.fr\/index.php?rest_route=\/wp\/v2\/pages\/3835"}],"collection":[{"href":"http:\/\/venusdailleurs.fr\/index.php?rest_route=\/wp\/v2\/pages"}],"about":[{"href":"http:\/\/venusdailleurs.fr\/index.php?rest_route=\/wp\/v2\/types\/page"}],"author":[{"embeddable":true,"href":"http:\/\/venusdailleurs.fr\/index.php?rest_route=\/wp\/v2\/users\/1"}],"replies":[{"embeddable":true,"href":"http:\/\/venusdailleurs.fr\/index.php?rest_route=%2Fwp%2Fv2%2Fcomments&post=3835"}],"version-history":[{"count":4,"href":"http:\/\/venusdailleurs.fr\/index.php?rest_route=\/wp\/v2\/pages\/3835\/revisions"}],"predecessor-version":[{"id":3841,"href":"http:\/\/venusdailleurs.fr\/index.php?rest_route=\/wp\/v2\/pages\/3835\/revisions\/3841"}],"wp:attachment":[{"href":"http:\/\/venusdailleurs.fr\/index.php?rest_route=%2Fwp%2Fv2%2Fmedia&parent=3835"}],"curies":[{"name":"wp","href":"https:\/\/api.w.org\/{rel}","templated":true}]}}