{"id":3347,"date":"2023-06-13T23:48:24","date_gmt":"2023-06-13T21:48:24","guid":{"rendered":"http:\/\/venusdailleurs.fr\/?page_id=3347"},"modified":"2023-06-13T23:48:24","modified_gmt":"2023-06-13T21:48:24","slug":"annie-le-brun","status":"publish","type":"page","link":"http:\/\/venusdailleurs.fr\/?page_id=3347","title":{"rendered":"Annie Le Brun"},"content":{"rendered":"<div class=\"wp-block-image\">\n<figure class=\"aligncenter size-full is-resized\"><img decoding=\"async\" loading=\"lazy\" src=\"http:\/\/venusdailleurs.fr\/wp-content\/uploads\/2023\/06\/Annie_Le_Brun_2009.jpg\" alt=\"\" class=\"wp-image-3348\" width=\"109\" height=\"196\" srcset=\"http:\/\/venusdailleurs.fr\/wp-content\/uploads\/2023\/06\/Annie_Le_Brun_2009.jpg 198w, http:\/\/venusdailleurs.fr\/wp-content\/uploads\/2023\/06\/Annie_Le_Brun_2009-167x300.jpg 167w\" sizes=\"(max-width: 109px) 100vw, 109px\" \/><\/figure><\/div>\n\n\n<p>\u00c9crivaine, critique litt\u00e9raire et po\u00e9tesse, Annie Le Brun d\u00e9couvre le surr\u00e9alisme alors qu\u2019elle est encore \u00e9tudiante. C\u2019est \u00e0 partir de 1963, lors d\u2019une rencontre avec Andr\u00e9 Breton, que l\u2019autrice participe aux activit\u00e9s surr\u00e9alistes. Sur le champ, recueil publi\u00e9 en 1967, illustr\u00e9 de trois pointes s\u00e8ches et six collages de Toyen, est l\u2019un des derniers ouvrages publi\u00e9s par les \u00c9ditions surr\u00e9alistes revisitant diff\u00e9rents th\u00e8mes propres aux surr\u00e9alistes\u00a0 : le d\u00e9sir, l\u2019\u00e9rotisme, la r\u00e9volte, les jeux de langues, \u2026 Tr\u00e8s investie dans le groupe parisien jusqu\u2019\u00e0 sa dissolution en 1969, elle restera tr\u00e8s fid\u00e8le \u00e0 l\u2019esprit surr\u00e9aliste. De 1971 jusqu\u2019en 1976, elle publiera aux \u00e9ditions Maintenant, maison d\u2019\u00e9dition fond\u00e9e avec son compagnon, Radovan Iv\u0161i\u0107. Prenant la question du corps et du sensible, c\u2019est-\u00e0-dire la singularit\u00e9 des perceptions du corps, comme source de la pens\u00e9e, Annie Le Brun d\u00e9fend une vision po\u00e9tique, esth\u00e9tique et politique du monde.<\/p>\n\n\n\n<p><strong><mark style=\"background-color:rgba(0, 0, 0, 0)\" class=\"has-inline-color has-medium-pink-color\">Ouvrage : <\/mark><\/strong><\/p>\n\n\n\n<p><a href=\"http:\/\/venusdailleurs.fr\/?page_id=2149\" data-type=\"page\" data-id=\"2149\">Lettres scell\u00e9es<\/a><\/p>\n","protected":false},"excerpt":{"rendered":"<p>\u00c9crivaine, critique litt\u00e9raire et po\u00e9tesse, Annie Le Brun d\u00e9couvre le surr\u00e9alisme alors qu\u2019elle est encore \u00e9tudiante. C\u2019est \u00e0 partir de 1963, lors d\u2019une rencontre avec Andr\u00e9 Breton, que l\u2019autrice participe aux activit\u00e9s surr\u00e9alistes. Sur le champ, recueil publi\u00e9 en 1967, illustr\u00e9 de trois pointes s\u00e8ches et six collages de Toyen, est l\u2019un des derniers ouvrages &hellip; <a href=\"http:\/\/venusdailleurs.fr\/?page_id=3347\" class=\"more-link\">Continuer la lecture de <span class=\"screen-reader-text\">Annie Le Brun<\/span><\/a><\/p>\n","protected":false},"author":1,"featured_media":0,"parent":0,"menu_order":0,"comment_status":"closed","ping_status":"closed","template":"","meta":[],"_links":{"self":[{"href":"http:\/\/venusdailleurs.fr\/index.php?rest_route=\/wp\/v2\/pages\/3347"}],"collection":[{"href":"http:\/\/venusdailleurs.fr\/index.php?rest_route=\/wp\/v2\/pages"}],"about":[{"href":"http:\/\/venusdailleurs.fr\/index.php?rest_route=\/wp\/v2\/types\/page"}],"author":[{"embeddable":true,"href":"http:\/\/venusdailleurs.fr\/index.php?rest_route=\/wp\/v2\/users\/1"}],"replies":[{"embeddable":true,"href":"http:\/\/venusdailleurs.fr\/index.php?rest_route=%2Fwp%2Fv2%2Fcomments&post=3347"}],"version-history":[{"count":1,"href":"http:\/\/venusdailleurs.fr\/index.php?rest_route=\/wp\/v2\/pages\/3347\/revisions"}],"predecessor-version":[{"id":3349,"href":"http:\/\/venusdailleurs.fr\/index.php?rest_route=\/wp\/v2\/pages\/3347\/revisions\/3349"}],"wp:attachment":[{"href":"http:\/\/venusdailleurs.fr\/index.php?rest_route=%2Fwp%2Fv2%2Fmedia&parent=3347"}],"curies":[{"name":"wp","href":"https:\/\/api.w.org\/{rel}","templated":true}]}}