{"id":3184,"date":"2023-06-12T22:11:53","date_gmt":"2023-06-12T20:11:53","guid":{"rendered":"http:\/\/venusdailleurs.fr\/?page_id=3184"},"modified":"2023-06-14T21:00:03","modified_gmt":"2023-06-14T19:00:03","slug":"yves-reynier","status":"publish","type":"page","link":"http:\/\/venusdailleurs.fr\/?page_id=3184","title":{"rendered":"Yves Reynier"},"content":{"rendered":"\n<figure class=\"wp-block-image size-large\"><img decoding=\"async\" loading=\"lazy\" width=\"1024\" height=\"868\" src=\"http:\/\/venusdailleurs.fr\/wp-content\/uploads\/2023\/06\/Reynier-cocotte0016-1-1024x868.jpg\" alt=\"\" class=\"wp-image-3333\" srcset=\"http:\/\/venusdailleurs.fr\/wp-content\/uploads\/2023\/06\/Reynier-cocotte0016-1-1024x868.jpg 1024w, http:\/\/venusdailleurs.fr\/wp-content\/uploads\/2023\/06\/Reynier-cocotte0016-1-300x254.jpg 300w, http:\/\/venusdailleurs.fr\/wp-content\/uploads\/2023\/06\/Reynier-cocotte0016-1-768x651.jpg 768w, http:\/\/venusdailleurs.fr\/wp-content\/uploads\/2023\/06\/Reynier-cocotte0016-1-1536x1303.jpg 1536w, http:\/\/venusdailleurs.fr\/wp-content\/uploads\/2023\/06\/Reynier-cocotte0016-1-2048x1737.jpg 2048w\" sizes=\"(max-width: 1024px) 100vw, 1024px\" \/><\/figure>\n\n\n\n<p>Apr\u00e8s des voyages en Isra\u00ebl et en Turquie, Yves Reynier s\u2019installe \u00e0 Paris o\u00f9 il rencontre Arthur Adamov. Il commence \u00e0 peindre en 1968 et ses premi\u00e8res peintures sont marqu\u00e9es par l\u2019expressionnisme abstrait et la recherche d\u2019un langage de l\u2019inconscient.<br>En 1973 il devient pensionnaire \u00e0 la Villa M\u00e9dicis \u00e0 Rome sous la direction de Balthus et fait la rencontre de Christian Gabriel\/le Guez Ricord, Alain Suby, Fran\u00e7ois Rouan, G\u00e9rard Grisey, Vladim\u00edr \u0160koda. Il d\u00e9couvre alors les jardins mani\u00e9ristes, les grotesques, les mosa\u00efques, les ruines et fresques romaines qui provoquent en lui de profondes interrogations et auront une influence d\u00e9terminante sur son \u0153uvre. Il pratique, d\u00e8s lors, en int\u00e9grant des objets et des images, le collage, forme qui pour lui, \u00ab&nbsp;\u00e9tait moins une certitude que ce qui exprimait le mieux ses doutes&nbsp;\u00bb.<br>Ses po\u00e8mes visuels, beaux comme la rencontre fortuite sur une table de dissection d\u2019une machine \u00e0 coudre et d\u2019un parapluie, s\u2019attachent \u00e0 une simplicit\u00e9 toute savante, o\u00f9 les \u00e9vocations et rapprochements, dans ce chant de ruine apparent, tissent le myst\u00e8re.<br>De retour en France, il participe \u00e0 de nombreuses expositions (en 1978 au Mus\u00e9e d\u2019art moderne de Saint-\u00c9tienne, en 1979 au CAPC de Bordeaux, en 1980 \u00e0 Galerie Baudoin Lebon et au Centre Georges-Pompidou en 1984). En 1986, il est invit\u00e9 \u00e0 participer \u00e0 la Biennale de Venise pour l\u2019exposition Art et alchimie sous la direction d\u2019Arturo Schwarz. Enseignant \u00e0 l\u2019\u00e9cole des Beaux-Arts de N\u00eemes, le mus\u00e9e d\u2019Art Contemporain Carr\u00e9 D\u2019Art lui consacre une grande exposition en 1999.<\/p>\n\n\n\n<p><strong><mark style=\"background-color:rgba(0, 0, 0, 0)\" class=\"has-inline-color has-medium-pink-color\">Site <\/mark><\/strong>: <a href=\"https:\/\/fr.wikipedia.org\/wiki\/Yves_Reynier\">Wiki<\/a><\/p>\n\n\n\n<p><strong><mark style=\"background-color:rgba(0, 0, 0, 0)\" class=\"has-inline-color has-medium-pink-color\">Ouvrages <\/mark><\/strong>:<\/p>\n\n\n\n<p><a href=\"http:\/\/venusdailleurs.fr\/?page_id=3228\">Incin\u00e9rateur des oracles c\u00e9lestes<\/a><\/p>\n\n\n\n<p><a href=\"http:\/\/venusdailleurs.fr\/?page_id=2239\">5 lettres \u00e0 Yves Reynier (plus une sixi\u00e8me)<\/a><\/p>\n\n\n\n<p><a href=\"http:\/\/venusdailleurs.fr\/?page_id=2518\">Trait\u00e9 de cocotologie<\/a><\/p>\n\n\n\n<p><a href=\"http:\/\/venusdailleurs.fr\/?page_id=2788\">Carnets de dessins<\/a><\/p>\n\n\n\n<p><a href=\"http:\/\/venusdailleurs.fr\/?page_id=2528\">Pilipili<\/a><\/p>\n\n\n\n<p><a href=\"http:\/\/venusdailleurs.fr\/?page_id=2296\">Bella Maniera<\/a><\/p>\n\n\n\n<p><a href=\"http:\/\/venusdailleurs.fr\/?page_id=2609\">Th\u00e9\u00e2tres de la m\u00e9moire<\/a><\/p>\n\n\n\n<p><a href=\"http:\/\/venusdailleurs.fr\/?page_id=2607\">\u00c9CARTS<\/a><\/p>\n\n\n\n<p><a href=\"http:\/\/venusdailleurs.fr\/?page_id=2605\">Catalogue Galerie 17<\/a><\/p>\n\n\n\n<p><a href=\"http:\/\/venusdailleurs.fr\/?page_id=2419\">\u00e0 flanc d\u2019ab\u00eeme<\/a><\/p>\n\n\n\n<p><a href=\"http:\/\/venusdailleurs.fr\/?page_id=2414\">Oh! Mage Pierre Andr\u00e9 Benoit \u2013 Taz Case<\/a><\/p>\n\n\n\n<p><a href=\"http:\/\/venusdailleurs.fr\/?page_id=2403\">L\u2019\u0153il h\u00e9liotrope \u2013 Taz case<\/a><\/p>\n\n\n\n<p><a href=\"http:\/\/venusdailleurs.fr\/?page_id=2397\">Once upon a box<\/a><\/p>\n\n\n\n<p><a href=\"http:\/\/venusdailleurs.fr\/?page_id=2395\">Ymagier<\/a><\/p>\n\n\n\n<p><a href=\"http:\/\/venusdailleurs.fr\/?page_id=2407\">MICro MACro \u2013 Box<\/a><\/p>\n\n\n\n<p><a href=\"http:\/\/venusdailleurs.fr\/?page_id=2366\">L\u2019\u0153il H\u00e9liotrope \u2013 La revue<\/a> n\u00b05 Mon r\u00eave s\u2019est bris\u00e9 comme un \u00e9clat de rire<\/p>\n\n\n\n<p><a href=\"http:\/\/venusdailleurs.fr\/?page_id=2058\">La Nouvelle Revue Moderne n\u00b039<\/a><\/p>\n\n\n\n<p><a href=\"http:\/\/venusdailleurs.fr\/?page_id=2027\">VENUS D\u2019AILLEURS, la revue<\/a> 5, 6, 8, 9, 13 &amp; 14<\/p>\n\n\n\n<p><\/p>\n\n\n\n<p><strong><mark style=\"background-color:rgba(0, 0, 0, 0)\" class=\"has-inline-color has-medium-pink-color\">Expositions <\/mark><\/strong>:<\/p>\n\n\n\n<p><a href=\"http:\/\/venusdailleurs.fr\/?page_id=1492\">L\u2019\u0153il h\u00e9liotrope \u2013 L\u2019autre c\u00f4t\u00e9<\/a><\/p>\n\n\n\n<p><a href=\"http:\/\/venusdailleurs.fr\/?page_id=1612\">Mon R\u00eave s\u2019est bris\u00e9&nbsp; comme un \u00e9clat de rire<\/a><\/p>\n\n\n\n<p><a href=\"http:\/\/venusdailleurs.fr\/?page_id=1731\">L\u2019\u0153il h\u00e9liotrope \u2013 L\u2019esclarmonde<\/a><\/p>\n\n\n\n<p><a href=\"http:\/\/venusdailleurs.fr\/?page_id=1065\">Th\u00e9\u00e2tres de la m\u00e9moire<\/a><\/p>\n\n\n\n<p><a href=\"http:\/\/venusdailleurs.fr\/?page_id=977\">Ecarts \u2013 Galerie Angle<\/a><\/p>\n\n\n\n<p><a href=\"http:\/\/venusdailleurs.fr\/?page_id=926\">Venus d\u2019ailleurs \u00e0 Bruxelles<\/a><\/p>\n\n\n\n<p><a href=\"http:\/\/venusdailleurs.fr\/?page_id=872\">YMAGIER<\/a><\/p>\n\n\n\n<p><a href=\"http:\/\/venusdailleurs.fr\/?page_id=842\">Galerie mobile \u2013 la Nef<\/a><\/p>\n\n\n\n<p><a href=\"http:\/\/venusdailleurs.fr\/?page_id=763\">MICro MACro<\/a><\/p>\n\n\n\n<p><a href=\"http:\/\/venusdailleurs.fr\/?page_id=696\">V\u00e9nus s\u2019ent\u00eate, le ch\u0153ur s\u2019emballe<\/a><\/p>\n\n\n\n<p><a href=\"http:\/\/venusdailleurs.fr\/?page_id=590\">Oh ! Mage A Pi R hand r\u00e9 b\u0153uf noix<\/a><\/p>\n\n\n\n<p><\/p>\n\n\n\n<figure class=\"wp-block-gallery has-nested-images columns-default is-cropped wp-block-gallery-1 is-layout-flex\">\n<figure class=\"wp-block-image size-large\"><a href=\"http:\/\/venusdailleurs.fr\/wp-content\/uploads\/2023\/06\/Yves-Reynier-0017-1.jpg\"><img decoding=\"async\" loading=\"lazy\" width=\"746\" height=\"1024\" data-id=\"3749\"  src=\"http:\/\/venusdailleurs.fr\/wp-content\/uploads\/2023\/06\/Yves-Reynier-0017-1-746x1024.jpg\" alt=\"\" class=\"wp-image-3749\" srcset=\"http:\/\/venusdailleurs.fr\/wp-content\/uploads\/2023\/06\/Yves-Reynier-0017-1-746x1024.jpg 746w, http:\/\/venusdailleurs.fr\/wp-content\/uploads\/2023\/06\/Yves-Reynier-0017-1-218x300.jpg 218w, http:\/\/venusdailleurs.fr\/wp-content\/uploads\/2023\/06\/Yves-Reynier-0017-1-768x1055.jpg 768w, http:\/\/venusdailleurs.fr\/wp-content\/uploads\/2023\/06\/Yves-Reynier-0017-1-1119x1536.jpg 1119w, http:\/\/venusdailleurs.fr\/wp-content\/uploads\/2023\/06\/Yves-Reynier-0017-1.jpg 1238w\" sizes=\"(max-width: 746px) 100vw, 746px\" \/><\/a><\/figure>\n\n\n\n<figure class=\"wp-block-image size-large\"><a href=\"http:\/\/venusdailleurs.fr\/wp-content\/uploads\/2023\/06\/Yves-Reynier-0007-1.jpg\"><img decoding=\"async\" loading=\"lazy\" width=\"745\" height=\"1024\" data-id=\"3747\"  src=\"http:\/\/venusdailleurs.fr\/wp-content\/uploads\/2023\/06\/Yves-Reynier-0007-1-745x1024.jpg\" alt=\"\" class=\"wp-image-3747\" srcset=\"http:\/\/venusdailleurs.fr\/wp-content\/uploads\/2023\/06\/Yves-Reynier-0007-1-745x1024.jpg 745w, http:\/\/venusdailleurs.fr\/wp-content\/uploads\/2023\/06\/Yves-Reynier-0007-1-218x300.jpg 218w, http:\/\/venusdailleurs.fr\/wp-content\/uploads\/2023\/06\/Yves-Reynier-0007-1-768x1056.jpg 768w, http:\/\/venusdailleurs.fr\/wp-content\/uploads\/2023\/06\/Yves-Reynier-0007-1-1117x1536.jpg 1117w, http:\/\/venusdailleurs.fr\/wp-content\/uploads\/2023\/06\/Yves-Reynier-0007-1.jpg 1276w\" sizes=\"(max-width: 745px) 100vw, 745px\" \/><\/a><\/figure>\n\n\n\n<figure class=\"wp-block-image size-large\"><a href=\"http:\/\/venusdailleurs.fr\/wp-content\/uploads\/2023\/06\/Yves0012-1.jpg\"><img decoding=\"async\" loading=\"lazy\" width=\"745\" height=\"1024\" data-id=\"3748\"  src=\"http:\/\/venusdailleurs.fr\/wp-content\/uploads\/2023\/06\/Yves0012-1-745x1024.jpg\" alt=\"\" class=\"wp-image-3748\" srcset=\"http:\/\/venusdailleurs.fr\/wp-content\/uploads\/2023\/06\/Yves0012-1-745x1024.jpg 745w, http:\/\/venusdailleurs.fr\/wp-content\/uploads\/2023\/06\/Yves0012-1-218x300.jpg 218w, http:\/\/venusdailleurs.fr\/wp-content\/uploads\/2023\/06\/Yves0012-1-768x1056.jpg 768w, http:\/\/venusdailleurs.fr\/wp-content\/uploads\/2023\/06\/Yves0012-1-1117x1536.jpg 1117w, http:\/\/venusdailleurs.fr\/wp-content\/uploads\/2023\/06\/Yves0012-1.jpg 1276w\" sizes=\"(max-width: 745px) 100vw, 745px\" \/><\/a><\/figure>\n<\/figure>\n\n\n\n<p><\/p>\n\n\n\n<p><\/p>\n\n\n<div class=\"wp-block-image\">\n<figure class=\"aligncenter size-large is-resized\"><img decoding=\"async\" loading=\"lazy\" src=\"http:\/\/venusdailleurs.fr\/wp-content\/uploads\/2023\/06\/Yves-Reynier-1-655x1024.jpg\" alt=\"\" class=\"wp-image-3750\" width=\"460\" height=\"719\" srcset=\"http:\/\/venusdailleurs.fr\/wp-content\/uploads\/2023\/06\/Yves-Reynier-1-655x1024.jpg 655w, http:\/\/venusdailleurs.fr\/wp-content\/uploads\/2023\/06\/Yves-Reynier-1-192x300.jpg 192w, http:\/\/venusdailleurs.fr\/wp-content\/uploads\/2023\/06\/Yves-Reynier-1.jpg 733w\" sizes=\"(max-width: 460px) 100vw, 460px\" \/><\/figure><\/div>","protected":false},"excerpt":{"rendered":"<p>Apr\u00e8s des voyages en Isra\u00ebl et en Turquie, Yves Reynier s\u2019installe \u00e0 Paris o\u00f9 il rencontre Arthur Adamov. Il commence \u00e0 peindre en 1968 et ses premi\u00e8res peintures sont marqu\u00e9es par l\u2019expressionnisme abstrait et la recherche d\u2019un langage de l\u2019inconscient.En 1973 il devient pensionnaire \u00e0 la Villa M\u00e9dicis \u00e0 Rome sous la direction de Balthus &hellip; <a href=\"http:\/\/venusdailleurs.fr\/?page_id=3184\" class=\"more-link\">Continuer la lecture de <span class=\"screen-reader-text\">Yves Reynier<\/span><\/a><\/p>\n","protected":false},"author":1,"featured_media":0,"parent":0,"menu_order":0,"comment_status":"closed","ping_status":"closed","template":"","meta":[],"_links":{"self":[{"href":"http:\/\/venusdailleurs.fr\/index.php?rest_route=\/wp\/v2\/pages\/3184"}],"collection":[{"href":"http:\/\/venusdailleurs.fr\/index.php?rest_route=\/wp\/v2\/pages"}],"about":[{"href":"http:\/\/venusdailleurs.fr\/index.php?rest_route=\/wp\/v2\/types\/page"}],"author":[{"embeddable":true,"href":"http:\/\/venusdailleurs.fr\/index.php?rest_route=\/wp\/v2\/users\/1"}],"replies":[{"embeddable":true,"href":"http:\/\/venusdailleurs.fr\/index.php?rest_route=%2Fwp%2Fv2%2Fcomments&post=3184"}],"version-history":[{"count":5,"href":"http:\/\/venusdailleurs.fr\/index.php?rest_route=\/wp\/v2\/pages\/3184\/revisions"}],"predecessor-version":[{"id":3751,"href":"http:\/\/venusdailleurs.fr\/index.php?rest_route=\/wp\/v2\/pages\/3184\/revisions\/3751"}],"wp:attachment":[{"href":"http:\/\/venusdailleurs.fr\/index.php?rest_route=%2Fwp%2Fv2%2Fmedia&parent=3184"}],"curies":[{"name":"wp","href":"https:\/\/api.w.org\/{rel}","templated":true}]}}