{"id":3172,"date":"2023-06-12T21:56:08","date_gmt":"2023-06-12T19:56:08","guid":{"rendered":"http:\/\/venusdailleurs.fr\/?page_id=3172"},"modified":"2023-06-14T16:48:17","modified_gmt":"2023-06-14T14:48:17","slug":"rene-pons","status":"publish","type":"page","link":"http:\/\/venusdailleurs.fr\/?page_id=3172","title":{"rendered":"Ren\u00e9 Pons"},"content":{"rendered":"<div class=\"wp-block-image\">\n<figure class=\"aligncenter size-full is-resized\"><img decoding=\"async\" loading=\"lazy\" src=\"http:\/\/venusdailleurs.fr\/wp-content\/uploads\/2023\/06\/Photo_Pons_Site2.jpg\" alt=\"\" class=\"wp-image-3555\" width=\"226\" height=\"229\" srcset=\"http:\/\/venusdailleurs.fr\/wp-content\/uploads\/2023\/06\/Photo_Pons_Site2.jpg 350w, http:\/\/venusdailleurs.fr\/wp-content\/uploads\/2023\/06\/Photo_Pons_Site2-296x300.jpg 296w\" sizes=\"(max-width: 226px) 100vw, 226px\" \/><\/figure><\/div>\n\n\n<p><strong><mark style=\"background-color:rgba(0, 0, 0, 0)\" class=\"has-inline-color has-medium-pink-color\">Site <\/mark><\/strong>: <a href=\"https:\/\/fr.wikipedia.org\/wiki\/Ren%C3%A9_Pons\">Wiki<\/a><\/p>\n\n\n\n<p><strong><mark style=\"background-color:rgba(0, 0, 0, 0)\" class=\"has-inline-color has-medium-pink-color\">Publications <\/mark><\/strong>: <\/p>\n\n\n\n<p><a href=\"http:\/\/venusdailleurs.fr\/?page_id=2518\">Trait\u00e9 de cocotologie<\/a><\/p>\n\n\n\n<p><a href=\"http:\/\/venusdailleurs.fr\/?page_id=2366\">L\u2019\u0153il H\u00e9liotrope \u2013 La revue<\/a> &#8211; Mon R\u00eave s&rsquo;est bris\u00e9 comme un \u00e9clat de rire<\/p>\n","protected":false},"excerpt":{"rendered":"<p>Site : Wiki Publications : Trait\u00e9 de cocotologie L\u2019\u0153il H\u00e9liotrope \u2013 La revue &#8211; Mon R\u00eave s&rsquo;est bris\u00e9 comme un \u00e9clat de rire<\/p>\n","protected":false},"author":1,"featured_media":0,"parent":0,"menu_order":0,"comment_status":"closed","ping_status":"closed","template":"","meta":[],"_links":{"self":[{"href":"http:\/\/venusdailleurs.fr\/index.php?rest_route=\/wp\/v2\/pages\/3172"}],"collection":[{"href":"http:\/\/venusdailleurs.fr\/index.php?rest_route=\/wp\/v2\/pages"}],"about":[{"href":"http:\/\/venusdailleurs.fr\/index.php?rest_route=\/wp\/v2\/types\/page"}],"author":[{"embeddable":true,"href":"http:\/\/venusdailleurs.fr\/index.php?rest_route=\/wp\/v2\/users\/1"}],"replies":[{"embeddable":true,"href":"http:\/\/venusdailleurs.fr\/index.php?rest_route=%2Fwp%2Fv2%2Fcomments&post=3172"}],"version-history":[{"count":3,"href":"http:\/\/venusdailleurs.fr\/index.php?rest_route=\/wp\/v2\/pages\/3172\/revisions"}],"predecessor-version":[{"id":3557,"href":"http:\/\/venusdailleurs.fr\/index.php?rest_route=\/wp\/v2\/pages\/3172\/revisions\/3557"}],"wp:attachment":[{"href":"http:\/\/venusdailleurs.fr\/index.php?rest_route=%2Fwp%2Fv2%2Fmedia&parent=3172"}],"curies":[{"name":"wp","href":"https:\/\/api.w.org\/{rel}","templated":true}]}}