{"id":3085,"date":"2023-06-12T21:35:49","date_gmt":"2023-06-12T19:35:49","guid":{"rendered":"http:\/\/venusdailleurs.fr\/?page_id=3085"},"modified":"2023-06-14T15:57:21","modified_gmt":"2023-06-14T13:57:21","slug":"christian-gabriel-le-guez-ricord","status":"publish","type":"page","link":"http:\/\/venusdailleurs.fr\/?page_id=3085","title":{"rendered":"Christian Gabriel\/le Guez Ricord"},"content":{"rendered":"\n<p><\/p>\n\n\n<div class=\"wp-block-image\">\n<figure class=\"aligncenter size-large is-resized\"><img decoding=\"async\" loading=\"lazy\" src=\"http:\/\/venusdailleurs.fr\/wp-content\/uploads\/2023\/06\/Ange-bleu-s.-d.--760x1024.jpg\" alt=\"\" class=\"wp-image-3086\" width=\"384\" height=\"517\" srcset=\"http:\/\/venusdailleurs.fr\/wp-content\/uploads\/2023\/06\/Ange-bleu-s.-d.--760x1024.jpg 760w, http:\/\/venusdailleurs.fr\/wp-content\/uploads\/2023\/06\/Ange-bleu-s.-d.--223x300.jpg 223w, http:\/\/venusdailleurs.fr\/wp-content\/uploads\/2023\/06\/Ange-bleu-s.-d.--768x1035.jpg 768w, http:\/\/venusdailleurs.fr\/wp-content\/uploads\/2023\/06\/Ange-bleu-s.-d.--1139x1536.jpg 1139w, http:\/\/venusdailleurs.fr\/wp-content\/uploads\/2023\/06\/Ange-bleu-s.-d.--1519x2048.jpg 1519w, http:\/\/venusdailleurs.fr\/wp-content\/uploads\/2023\/06\/Ange-bleu-s.-d.--scaled.jpg 1899w\" sizes=\"(max-width: 384px) 100vw, 384px\" \/><\/figure><\/div>\n\n\n<p>Christian Gabriel\/le Guez Ricord est pass\u00e9 sur la plan\u00e8te po\u00e9sie comme une \u00e9toile fulgurante&nbsp;: 1948-1988. L\u2019hyperbole dithyrambique qui salua ses d\u00e9buts perdure apr\u00e8s sa disparition, autour d\u2019une \u0153uvre prolixe et multiple \u2013 \u00e9crite et graphique -, dont la dispersion \u00e9ditoriale et une coterie d\u2019amateurs \u00e9clair\u00e9s entretiennent l\u2019aura.&nbsp; Depuis Marseille o\u00f9 il v\u00e9cut, il incarne la figure de l\u2019artiste dandy, masculin et f\u00e9minin, mystique, en dialogue avec la figure centrale de l\u2019Ange, dans une soci\u00e9t\u00e9 inhospitali\u00e8re. Ses dessins et ses peintures vont de pair avec ses textes, l\u2019ensemble op\u00e9rant comme totalit\u00e9 ins\u00e9cable. Une calligraphie savante, des symboles, des pictogrammes, des \u00e9l\u00e9ments architecturaux, stellaires ou humains participent du champ po\u00e9tique au m\u00eame titre que les mots.<\/p>\n\n\n\n<p class=\"has-text-align-right\">Jo\u00eblle Busca<\/p>\n\n\n\n<p>Son premier recueil de po\u00e8mes \u00e9crit \u00e0 dix-sept ans re\u00e7oit en 1965 le prix Paul Val\u00e9ry. \u00e9tudiant l\u2019astrophysique, Guez Ricord renonce alors \u00e0 une carri\u00e8re scientifique pour se consacrer, malgr\u00e9 une sant\u00e9 av\u00e9r\u00e9e fragile, \u00e0 l\u2019\u00e9criture po\u00e9tique.<br>En 1972, il devient pensionnaire \u00e0 la Villa M\u00e9dicis \u00e0 Rome, sous la direction de Balthus. Mais alors qu\u2019il est intern\u00e9 apr\u00e8s une crise s\u00e9v\u00e8re, il est exclu de l\u2019\u00e9tablissement.<br>Il y rencontra Alain Suby et Yves Reynier mais aussi le compositeur G\u00e9rard Grisey qui mettra en musique un passage sur la mort tir\u00e9 de Les heures \u00e0 la nuit dans le premier mouvement des Qatre chants pour franchir le seuil.<br>D\u00e9s 1977, il travaille avec l\u2019atelier des Grames et publie \u00e0 partir de 1979, trois recueils chez Fata Morgana.<br>En 1984, il r\u00e9dige avec son psychiatre Jean-Pierre Coudray De Fou au Bateleur, ouvrage racontant le r\u00e9cit de ses hospitalisations (Presses de la Renaissance).<br>Les \u00e9ditions de ses \u0153uvres posthumes sont abondantes (Le Cantique qui est \u00e0 Gabriel\/le chez Le bois d\u2019Orion en 2005, La Couronne de la vierge, en3 volumes \u00e0 l\u2019Atelier des Grames depuis 2018).<br>L\u2019hyperbole dithyrambique qui salua ses d\u00e9buts perdure apr\u00e8s sa disparition, autour d\u2019une \u0153uvre prolixe et multiple \u2013 \u00e9crite et graphique \u2013 dont la dispersion \u00e9ditoriale et une coterie d\u2019amateurs \u00e9clair\u00e9s entretiennent l\u2019aura. Depuis Marseille o\u00f9 il v\u00e9cut, il incarne la figure de l\u2019artiste dandy, masculin et f\u00e9minin, mystique, en dialogue avec la figure centrale de l\u2019Ange, dans une soci\u00e9t\u00e9 inhospitali\u00e8re.<\/p>\n\n\n\n<p><\/p>\n\n\n\n<p><strong><mark style=\"background-color:rgba(0, 0, 0, 0)\" class=\"has-inline-color has-medium-pink-color\">Site <\/mark><\/strong>: <a href=\"https:\/\/fr.wikipedia.org\/wiki\/Christian_Gabrielle_Guez_Ricord\">Wiki<\/a><\/p>\n\n\n\n<p><strong><mark style=\"background-color:rgba(0, 0, 0, 0)\" class=\"has-inline-color has-medium-pink-color\">Ouvrages <\/mark><\/strong>: <\/p>\n\n\n\n<p><a href=\"http:\/\/venusdailleurs.fr\/?page_id=2239\">5 lettres \u00e0 Yves Reynier (plus une sixi\u00e8me)<\/a><\/p>\n\n\n\n<p><a href=\"http:\/\/venusdailleurs.fr\/?page_id=2190\">Lacrima verra\u00e9<\/a><\/p>\n\n\n\n<p><a href=\"http:\/\/venusdailleurs.fr\/?page_id=2393\">La Kallista &amp; Venus d\u2019ailleurs : coffret Guez Ricord<\/a><\/p>\n\n\n\n<p><a href=\"http:\/\/venusdailleurs.fr\/?page_id=3087\">Le lieu c&rsquo;est l&rsquo;horizon sans la mort<\/a><\/p>\n\n\n\n<p><a href=\"http:\/\/venusdailleurs.fr\/?page_id=2788\">Carnets de dessins<\/a><\/p>\n\n\n\n<p><a href=\"http:\/\/Muse Sick\">Guez Ricord trio\/Duo<\/a><\/p>\n\n\n\n<p><a href=\"http:\/\/venusdailleurs.fr\/?page_id=2027\">VENUS D\u2019AILLEURS, la revue<\/a> n\u00b05<\/p>\n\n\n\n<p><a href=\"http:\/\/venusdailleurs.fr\/?page_id=2605\">Catalogue Galerie 17<\/a><\/p>\n\n\n\n<p><a href=\"http:\/\/venusdailleurs.fr\/?page_id=2366\">L\u2019\u0153il H\u00e9liotrope \u2013 La revue<\/a><\/p>\n\n\n\n<p><strong><mark style=\"background-color:rgba(0, 0, 0, 0)\" class=\"has-inline-color has-medium-pink-color\">Expositions :<\/mark><\/strong><\/p>\n\n\n\n<p><a href=\"http:\/\/venusdailleurs.fr\/?page_id=1099\">Galerie 17<\/a><\/p>\n\n\n\n<p><a href=\"http:\/\/venusdailleurs.fr\/?page_id=590\">Oh ! Mage A Pi R hand r\u00e9 b\u0153uf noix<\/a><\/p>\n","protected":false},"excerpt":{"rendered":"<p>Christian Gabriel\/le Guez Ricord est pass\u00e9 sur la plan\u00e8te po\u00e9sie comme une \u00e9toile fulgurante&nbsp;: 1948-1988. L\u2019hyperbole dithyrambique qui salua ses d\u00e9buts perdure apr\u00e8s sa disparition, autour d\u2019une \u0153uvre prolixe et multiple \u2013 \u00e9crite et graphique -, dont la dispersion \u00e9ditoriale et une coterie d\u2019amateurs \u00e9clair\u00e9s entretiennent l\u2019aura.&nbsp; Depuis Marseille o\u00f9 il v\u00e9cut, il incarne la &hellip; <a href=\"http:\/\/venusdailleurs.fr\/?page_id=3085\" class=\"more-link\">Continuer la lecture de <span class=\"screen-reader-text\">Christian Gabriel\/le Guez Ricord<\/span><\/a><\/p>\n","protected":false},"author":1,"featured_media":0,"parent":0,"menu_order":0,"comment_status":"closed","ping_status":"closed","template":"","meta":[],"_links":{"self":[{"href":"http:\/\/venusdailleurs.fr\/index.php?rest_route=\/wp\/v2\/pages\/3085"}],"collection":[{"href":"http:\/\/venusdailleurs.fr\/index.php?rest_route=\/wp\/v2\/pages"}],"about":[{"href":"http:\/\/venusdailleurs.fr\/index.php?rest_route=\/wp\/v2\/types\/page"}],"author":[{"embeddable":true,"href":"http:\/\/venusdailleurs.fr\/index.php?rest_route=\/wp\/v2\/users\/1"}],"replies":[{"embeddable":true,"href":"http:\/\/venusdailleurs.fr\/index.php?rest_route=%2Fwp%2Fv2%2Fcomments&post=3085"}],"version-history":[{"count":3,"href":"http:\/\/venusdailleurs.fr\/index.php?rest_route=\/wp\/v2\/pages\/3085\/revisions"}],"predecessor-version":[{"id":3477,"href":"http:\/\/venusdailleurs.fr\/index.php?rest_route=\/wp\/v2\/pages\/3085\/revisions\/3477"}],"wp:attachment":[{"href":"http:\/\/venusdailleurs.fr\/index.php?rest_route=%2Fwp%2Fv2%2Fmedia&parent=3085"}],"curies":[{"name":"wp","href":"https:\/\/api.w.org\/{rel}","templated":true}]}}