{"id":2648,"date":"2023-06-11T23:31:18","date_gmt":"2023-06-11T21:31:18","guid":{"rendered":"http:\/\/venusdailleurs.fr\/?page_id=2648"},"modified":"2026-01-09T21:09:22","modified_gmt":"2026-01-09T20:09:22","slug":"muse-sick","status":"publish","type":"page","link":"http:\/\/venusdailleurs.fr\/?page_id=2648","title":{"rendered":"Muse Sick"},"content":{"rendered":"\n<p class=\"has-text-align-center\"><strong>Ars\u00e8ne Tryphon<\/strong><\/p>\n\n\n\n<figure class=\"wp-block-gallery has-nested-images columns-default is-cropped wp-block-gallery-1 is-layout-flex\">\n<figure class=\"wp-block-image size-large\"><a href=\"https:\/\/venusdailleurs.fr\/?page_id=4609\"><img decoding=\"async\" loading=\"lazy\" width=\"1024\" height=\"1024\" data-id=\"4585\"  src=\"https:\/\/venusdailleurs.fr\/wp-content\/uploads\/2025\/12\/succulents-succubes-jaquette-front-1024x1024.jpg\" alt=\"\" class=\"wp-image-4585\" srcset=\"http:\/\/venusdailleurs.fr\/wp-content\/uploads\/2025\/12\/succulents-succubes-jaquette-front-1024x1024.jpg 1024w, http:\/\/venusdailleurs.fr\/wp-content\/uploads\/2025\/12\/succulents-succubes-jaquette-front-300x300.jpg 300w, http:\/\/venusdailleurs.fr\/wp-content\/uploads\/2025\/12\/succulents-succubes-jaquette-front-150x150.jpg 150w, http:\/\/venusdailleurs.fr\/wp-content\/uploads\/2025\/12\/succulents-succubes-jaquette-front-768x768.jpg 768w, http:\/\/venusdailleurs.fr\/wp-content\/uploads\/2025\/12\/succulents-succubes-jaquette-front-1536x1536.jpg 1536w, http:\/\/venusdailleurs.fr\/wp-content\/uploads\/2025\/12\/succulents-succubes-jaquette-front-2048x2048.jpg 2048w\" sizes=\"(max-width: 1024px) 100vw, 1024px\" \/><\/a><\/figure>\n\n\n\n<figure class=\"wp-block-image size-large\"><a href=\"https:\/\/venusdailleurs.fr\/?page_id=4613\"><img decoding=\"async\" loading=\"lazy\" width=\"1024\" height=\"1013\" data-id=\"4363\"  src=\"https:\/\/venusdailleurs.fr\/wp-content\/uploads\/2025\/08\/orphee-front-1024x1013.jpg\" alt=\"\" class=\"wp-image-4363\" srcset=\"http:\/\/venusdailleurs.fr\/wp-content\/uploads\/2025\/08\/orphee-front-1024x1013.jpg 1024w, http:\/\/venusdailleurs.fr\/wp-content\/uploads\/2025\/08\/orphee-front-300x297.jpg 300w, http:\/\/venusdailleurs.fr\/wp-content\/uploads\/2025\/08\/orphee-front-768x760.jpg 768w, http:\/\/venusdailleurs.fr\/wp-content\/uploads\/2025\/08\/orphee-front.jpg 1200w\" sizes=\"(max-width: 1024px) 100vw, 1024px\" \/><\/a><\/figure>\n<\/figure>\n\n\n\n<p><\/p>\n\n\n\n<figure class=\"wp-block-gallery has-nested-images columns-default is-cropped wp-block-gallery-3 is-layout-flex\">\n<figure class=\"wp-block-image size-large\"><a href=\"https:\/\/venusdailleurs.fr\/?page_id=4616\" target=\"_blank\" rel=\"noreferrer noopener\"><img decoding=\"async\" loading=\"lazy\" width=\"1024\" height=\"1013\" data-id=\"2649\"  src=\"http:\/\/venusdailleurs.fr\/wp-content\/uploads\/2023\/06\/Hurluberlune-1024x1013.jpg\" alt=\"\" class=\"wp-image-2649\" srcset=\"http:\/\/venusdailleurs.fr\/wp-content\/uploads\/2023\/06\/Hurluberlune-1024x1013.jpg 1024w, http:\/\/venusdailleurs.fr\/wp-content\/uploads\/2023\/06\/Hurluberlune-300x297.jpg 300w, http:\/\/venusdailleurs.fr\/wp-content\/uploads\/2023\/06\/Hurluberlune-768x760.jpg 768w, http:\/\/venusdailleurs.fr\/wp-content\/uploads\/2023\/06\/Hurluberlune-1536x1519.jpg 1536w, http:\/\/venusdailleurs.fr\/wp-content\/uploads\/2023\/06\/Hurluberlune-2048x2025.jpg 2048w\" sizes=\"(max-width: 1024px) 100vw, 1024px\" \/><\/a><\/figure>\n\n\n\n<figure class=\"wp-block-image size-large\"><a href=\"https:\/\/venusdailleurs.fr\/?page_id=4620\" target=\"_blank\" rel=\"noreferrer noopener\"><img decoding=\"async\" loading=\"lazy\" width=\"1024\" height=\"1013\" data-id=\"2650\"  src=\"http:\/\/venusdailleurs.fr\/wp-content\/uploads\/2023\/06\/La-mort-se-fait-la-belle-Front-1024x1013.jpg\" alt=\"\" class=\"wp-image-2650\" srcset=\"http:\/\/venusdailleurs.fr\/wp-content\/uploads\/2023\/06\/La-mort-se-fait-la-belle-Front-1024x1013.jpg 1024w, http:\/\/venusdailleurs.fr\/wp-content\/uploads\/2023\/06\/La-mort-se-fait-la-belle-Front-300x297.jpg 300w, http:\/\/venusdailleurs.fr\/wp-content\/uploads\/2023\/06\/La-mort-se-fait-la-belle-Front-768x760.jpg 768w, http:\/\/venusdailleurs.fr\/wp-content\/uploads\/2023\/06\/La-mort-se-fait-la-belle-Front-1536x1519.jpg 1536w, http:\/\/venusdailleurs.fr\/wp-content\/uploads\/2023\/06\/La-mort-se-fait-la-belle-Front-2048x2025.jpg 2048w\" sizes=\"(max-width: 1024px) 100vw, 1024px\" \/><\/a><\/figure>\n<\/figure>\n\n\n\n<figure class=\"wp-block-gallery has-nested-images columns-default is-cropped wp-block-gallery-5 is-layout-flex\">\n<figure class=\"wp-block-image size-large\"><a href=\"https:\/\/venusdailleurs.fr\/?page_id=4624\" target=\"_blank\" rel=\"noreferrer noopener\"><img decoding=\"async\" loading=\"lazy\" width=\"1024\" height=\"1024\" data-id=\"2652\"  src=\"http:\/\/venusdailleurs.fr\/wp-content\/uploads\/2023\/06\/Arsene-Tryphon-Ga-ars-den-vida-da-1024x1024.jpg\" alt=\"\" class=\"wp-image-2652\" srcset=\"http:\/\/venusdailleurs.fr\/wp-content\/uploads\/2023\/06\/Arsene-Tryphon-Ga-ars-den-vida-da-1024x1024.jpg 1024w, http:\/\/venusdailleurs.fr\/wp-content\/uploads\/2023\/06\/Arsene-Tryphon-Ga-ars-den-vida-da-300x300.jpg 300w, http:\/\/venusdailleurs.fr\/wp-content\/uploads\/2023\/06\/Arsene-Tryphon-Ga-ars-den-vida-da-150x150.jpg 150w, http:\/\/venusdailleurs.fr\/wp-content\/uploads\/2023\/06\/Arsene-Tryphon-Ga-ars-den-vida-da-768x768.jpg 768w, http:\/\/venusdailleurs.fr\/wp-content\/uploads\/2023\/06\/Arsene-Tryphon-Ga-ars-den-vida-da.jpg 1299w\" sizes=\"(max-width: 1024px) 100vw, 1024px\" \/><\/a><\/figure>\n\n\n\n<figure class=\"wp-block-image size-large\"><a href=\"https:\/\/venusdailleurs.fr\/?page_id=4628\" target=\"_blank\" rel=\"noreferrer noopener\"><img decoding=\"async\" loading=\"lazy\" width=\"1024\" height=\"1024\" data-id=\"2651\"  src=\"http:\/\/venusdailleurs.fr\/wp-content\/uploads\/2023\/06\/Dadagong-1024x1024.jpg\" alt=\"\" class=\"wp-image-2651\" srcset=\"http:\/\/venusdailleurs.fr\/wp-content\/uploads\/2023\/06\/Dadagong-1024x1024.jpg 1024w, http:\/\/venusdailleurs.fr\/wp-content\/uploads\/2023\/06\/Dadagong-300x300.jpg 300w, http:\/\/venusdailleurs.fr\/wp-content\/uploads\/2023\/06\/Dadagong-150x150.jpg 150w, http:\/\/venusdailleurs.fr\/wp-content\/uploads\/2023\/06\/Dadagong-768x768.jpg 768w, http:\/\/venusdailleurs.fr\/wp-content\/uploads\/2023\/06\/Dadagong.jpg 1299w\" sizes=\"(max-width: 1024px) 100vw, 1024px\" \/><\/a><\/figure>\n<\/figure>\n\n\n\n<figure class=\"wp-block-gallery has-nested-images columns-default is-cropped wp-block-gallery-7 is-layout-flex\">\n<figure class=\"wp-block-image size-large\"><a href=\"https:\/\/venusdailleurs.fr\/?page_id=4633\" target=\"_blank\" rel=\"noreferrer noopener\"><img decoding=\"async\" loading=\"lazy\" width=\"1024\" height=\"1024\" data-id=\"2657\"  src=\"http:\/\/venusdailleurs.fr\/wp-content\/uploads\/2023\/06\/Bruit-dor-Arsene-Tryphon2-1024x1024.jpg\" alt=\"\" class=\"wp-image-2657\" srcset=\"http:\/\/venusdailleurs.fr\/wp-content\/uploads\/2023\/06\/Bruit-dor-Arsene-Tryphon2-1024x1024.jpg 1024w, http:\/\/venusdailleurs.fr\/wp-content\/uploads\/2023\/06\/Bruit-dor-Arsene-Tryphon2-300x300.jpg 300w, http:\/\/venusdailleurs.fr\/wp-content\/uploads\/2023\/06\/Bruit-dor-Arsene-Tryphon2-150x150.jpg 150w, http:\/\/venusdailleurs.fr\/wp-content\/uploads\/2023\/06\/Bruit-dor-Arsene-Tryphon2-768x768.jpg 768w, http:\/\/venusdailleurs.fr\/wp-content\/uploads\/2023\/06\/Bruit-dor-Arsene-Tryphon2.jpg 1299w\" sizes=\"(max-width: 1024px) 100vw, 1024px\" \/><\/a><\/figure>\n\n\n\n<figure class=\"wp-block-image size-large\"><a href=\"https:\/\/venusdailleurs.fr\/?page_id=4637\" target=\"_blank\" rel=\"noreferrer noopener\"><img decoding=\"async\" loading=\"lazy\" width=\"1024\" height=\"1024\" data-id=\"2658\"  src=\"http:\/\/venusdailleurs.fr\/wp-content\/uploads\/2023\/06\/Parades-Automates-Arsene-Tryphon2-1024x1024.jpg\" alt=\"\" class=\"wp-image-2658\" srcset=\"http:\/\/venusdailleurs.fr\/wp-content\/uploads\/2023\/06\/Parades-Automates-Arsene-Tryphon2-1024x1024.jpg 1024w, http:\/\/venusdailleurs.fr\/wp-content\/uploads\/2023\/06\/Parades-Automates-Arsene-Tryphon2-300x300.jpg 300w, http:\/\/venusdailleurs.fr\/wp-content\/uploads\/2023\/06\/Parades-Automates-Arsene-Tryphon2-150x150.jpg 150w, http:\/\/venusdailleurs.fr\/wp-content\/uploads\/2023\/06\/Parades-Automates-Arsene-Tryphon2-768x768.jpg 768w, http:\/\/venusdailleurs.fr\/wp-content\/uploads\/2023\/06\/Parades-Automates-Arsene-Tryphon2.jpg 1299w\" sizes=\"(max-width: 1024px) 100vw, 1024px\" \/><\/a><\/figure>\n<\/figure>\n\n\n\n<p><\/p>\n\n\n\n<p><\/p>\n\n\n\n<figure class=\"wp-block-gallery has-nested-images columns-default is-cropped wp-block-gallery-9 is-layout-flex\">\n<figure class=\"wp-block-image size-large\"><a href=\"https:\/\/venusdailleurs.fr\/?page_id=4641\" target=\"_blank\" rel=\"noreferrer noopener\"><img decoding=\"async\" loading=\"lazy\" width=\"1024\" height=\"1011\" data-id=\"2659\"  src=\"http:\/\/venusdailleurs.fr\/wp-content\/uploads\/2023\/06\/a0205137922_10-1024x1011.jpg\" alt=\"\" class=\"wp-image-2659\" srcset=\"http:\/\/venusdailleurs.fr\/wp-content\/uploads\/2023\/06\/a0205137922_10-1024x1011.jpg 1024w, http:\/\/venusdailleurs.fr\/wp-content\/uploads\/2023\/06\/a0205137922_10-300x296.jpg 300w, http:\/\/venusdailleurs.fr\/wp-content\/uploads\/2023\/06\/a0205137922_10-768x758.jpg 768w, http:\/\/venusdailleurs.fr\/wp-content\/uploads\/2023\/06\/a0205137922_10.jpg 1200w\" sizes=\"(max-width: 1024px) 100vw, 1024px\" \/><\/a><\/figure>\n\n\n\n<figure class=\"wp-block-image size-large\"><a href=\"https:\/\/venusdailleurs.fr\/?page_id=4644\" target=\"_blank\" rel=\"noreferrer noopener\"><img decoding=\"async\" loading=\"lazy\" width=\"1024\" height=\"998\" data-id=\"2660\"  src=\"http:\/\/venusdailleurs.fr\/wp-content\/uploads\/2023\/06\/a2511627513_10-1024x998.jpg\" alt=\"\" class=\"wp-image-2660\" srcset=\"http:\/\/venusdailleurs.fr\/wp-content\/uploads\/2023\/06\/a2511627513_10-1024x998.jpg 1024w, http:\/\/venusdailleurs.fr\/wp-content\/uploads\/2023\/06\/a2511627513_10-300x292.jpg 300w, http:\/\/venusdailleurs.fr\/wp-content\/uploads\/2023\/06\/a2511627513_10-768x748.jpg 768w, http:\/\/venusdailleurs.fr\/wp-content\/uploads\/2023\/06\/a2511627513_10.jpg 1200w\" sizes=\"(max-width: 1024px) 100vw, 1024px\" \/><\/a><\/figure>\n<\/figure>\n\n\n\n<p><\/p>\n\n\n\n<p><\/p>\n\n\n\n<p class=\"has-text-align-center\"><strong>Algecow<\/strong><\/p>\n\n\n<div class=\"wp-block-image\">\n<figure class=\"aligncenter size-full\"><img decoding=\"async\" loading=\"lazy\" width=\"598\" height=\"399\" src=\"http:\/\/venusdailleurs.fr\/wp-content\/uploads\/2023\/06\/Algecow-LP.jpg\" alt=\"\" class=\"wp-image-2661\" srcset=\"http:\/\/venusdailleurs.fr\/wp-content\/uploads\/2023\/06\/Algecow-LP.jpg 598w, http:\/\/venusdailleurs.fr\/wp-content\/uploads\/2023\/06\/Algecow-LP-300x200.jpg 300w\" sizes=\"(max-width: 598px) 100vw, 598px\" \/><\/figure><\/div>\n\n\n<p>CD 3 titres Pop-up<\/p>\n\n\n\n<p>CALL ME A WAY (SOMETHING) &#8211; BLOUSE ? &#8211; BRAISE COLLA<\/p>\n\n\n\n<p>Thomas Barri\u00e8re<br>Guitares, bidons d\u2019essence,voix, toy piano, farandole d\u2019objets..<\/p>\n\n\n\n<p><br>Bastien Pelenc<br>Claviers, toy piano, voix, babioles bigarr\u00e9es et fourbi sans nom.<\/p>\n\n\n\n<p>Enregistr\u00e9 et mix\u00e9 par Greg Cosenza au Mi\u00e8ge Boal<br>Graphisme : Yoan Armand Gil<\/p>\n\n\n\n<p><\/p>\n\n\n\n<p class=\"has-text-align-center\"><strong>Horse give birth to fly<\/strong><\/p>\n\n\n\n<figure class=\"wp-block-image size-large\"><img decoding=\"async\" loading=\"lazy\" width=\"1024\" height=\"714\" src=\"http:\/\/venusdailleurs.fr\/wp-content\/uploads\/2023\/06\/HGBTF-BOX-1024x714.jpg\" alt=\"\" class=\"wp-image-2665\" srcset=\"http:\/\/venusdailleurs.fr\/wp-content\/uploads\/2023\/06\/HGBTF-BOX-1024x714.jpg 1024w, http:\/\/venusdailleurs.fr\/wp-content\/uploads\/2023\/06\/HGBTF-BOX-300x209.jpg 300w, http:\/\/venusdailleurs.fr\/wp-content\/uploads\/2023\/06\/HGBTF-BOX-768x535.jpg 768w, http:\/\/venusdailleurs.fr\/wp-content\/uploads\/2023\/06\/HGBTF-BOX-1536x1070.jpg 1536w, http:\/\/venusdailleurs.fr\/wp-content\/uploads\/2023\/06\/HGBTF-BOX-2048x1427.jpg 2048w\" sizes=\"(max-width: 1024px) 100vw, 1024px\" \/><\/figure>\n\n\n<div class=\"wp-block-image\">\n<figure class=\"aligncenter size-large\"><img decoding=\"async\" loading=\"lazy\" width=\"1024\" height=\"683\" src=\"http:\/\/venusdailleurs.fr\/wp-content\/uploads\/2023\/06\/HGBTF-Venus-dailleurs-1024x683.jpg\" alt=\"\" class=\"wp-image-2662\" srcset=\"http:\/\/venusdailleurs.fr\/wp-content\/uploads\/2023\/06\/HGBTF-Venus-dailleurs-1024x683.jpg 1024w, http:\/\/venusdailleurs.fr\/wp-content\/uploads\/2023\/06\/HGBTF-Venus-dailleurs-300x200.jpg 300w, http:\/\/venusdailleurs.fr\/wp-content\/uploads\/2023\/06\/HGBTF-Venus-dailleurs-768x512.jpg 768w, http:\/\/venusdailleurs.fr\/wp-content\/uploads\/2023\/06\/HGBTF-Venus-dailleurs-1536x1024.jpg 1536w, http:\/\/venusdailleurs.fr\/wp-content\/uploads\/2023\/06\/HGBTF-Venus-dailleurs-2048x1365.jpg 2048w\" sizes=\"(max-width: 1024px) 100vw, 1024px\" \/><\/figure><\/div>\n\n\n<p>Ce coffret r\u00e9alis\u00e9 en 13 exemplaires contient :<\/p>\n\n\n\n<p>&#8211; L&rsquo;album 6 titres <em>Venus d&rsquo;ailleurs<\/em>. Digipack 18&#215;18 cm avec pop-up<\/p>\n\n\n\n<p>&#8211; Un Leporello de 90 cm contenant trois albums in\u00e9dits<\/p>\n\n\n\n<p>&#8211; Un port-folio de collages de Miccam<\/p>\n\n\n\n<p>&#8211; Un fouet \u00e0 mouche pur crin \u00e0 grelot<\/p>\n\n\n\n<p>&#8211; Une guimbarde<\/p>\n\n\n\n<p>&#8211; Un jeu d&rsquo;osselet<\/p>\n\n\n\n<p>&#8211; Un kazoo<\/p>\n\n\n\n<p>&#8211; un baton d&rsquo;encens<\/p>\n\n\n\n<p><\/p>\n\n\n\n<p class=\"has-text-align-center\"><strong>Guez Ricord Trio &amp; Duo<\/strong><\/p>\n\n\n<div class=\"wp-block-image\">\n<figure class=\"aligncenter size-full\"><img decoding=\"async\" loading=\"lazy\" width=\"428\" height=\"267\" src=\"http:\/\/venusdailleurs.fr\/wp-content\/uploads\/2023\/06\/5c757e_8d3201d85a824b67b9857ed064b992c1.jpg_srz_p_428_267_75_22_0.50_1.20_0.00_jpg_srz.jpeg\" alt=\"\" class=\"wp-image-2663\" srcset=\"http:\/\/venusdailleurs.fr\/wp-content\/uploads\/2023\/06\/5c757e_8d3201d85a824b67b9857ed064b992c1.jpg_srz_p_428_267_75_22_0.50_1.20_0.00_jpg_srz.jpeg 428w, http:\/\/venusdailleurs.fr\/wp-content\/uploads\/2023\/06\/5c757e_8d3201d85a824b67b9857ed064b992c1.jpg_srz_p_428_267_75_22_0.50_1.20_0.00_jpg_srz-300x187.jpeg 300w\" sizes=\"(max-width: 428px) 100vw, 428px\" \/><\/figure><\/div>\n\n\n<p><\/p>\n\n\n\n<p class=\"has-text-align-center\"><strong>Fonetic<\/strong><\/p>\n\n\n<div class=\"wp-block-image\">\n<figure class=\"aligncenter size-full\"><img decoding=\"async\" loading=\"lazy\" width=\"567\" height=\"283\" src=\"http:\/\/venusdailleurs.fr\/wp-content\/uploads\/2023\/06\/fonetic-album.jpg\" alt=\"\" class=\"wp-image-2664\" srcset=\"http:\/\/venusdailleurs.fr\/wp-content\/uploads\/2023\/06\/fonetic-album.jpg 567w, http:\/\/venusdailleurs.fr\/wp-content\/uploads\/2023\/06\/fonetic-album-300x150.jpg 300w\" sizes=\"(max-width: 567px) 100vw, 567px\" \/><\/figure><\/div>\n\n\n<p>Fonetic est un quartet r\u00e9unissant des musiciens d\u2019Avignon, N\u00eemes et Montpellier, qui se sont rencontr\u00e9s dans divers contextes musicaux. Apr\u00e8s quelques exp\u00e9riences de groupes en commun le clarinettiste Yann Lecollaire, le batteur Benjamin Chaval et le guitariste Benoist Bouvot se sont retrouv\u00e9s en d\u00e9cembre 2004 autour d\u2019un nouvel \u00e9l\u00e9ment, autant dans la personnalit\u00e9 musicale que dans le timbre, avec le vibraphoniste Tom Gareil. La d\u00e9cision de monter un r\u00e9pertoire de compositions personnelles fut rapidement prise, inscrivant les premi\u00e8res sessions d\u2019improvisations dans une recherche d\u00e9finie, m\u00ealant un soucis d\u2019\u00e9criture descriptive \u00e0 une improvisation coh\u00e9rente. Conscients des difficult\u00e9s de diffusion, ces musiciens revendiquent toujours une position forte face au march\u00e9 musical actuel, tout autant qu\u2019une identit\u00e9 singuli\u00e8re au sein d\u2019un g\u00e9n\u00e9rique confus de Jazz europ\u00e9en, sous lequel ils ne refusent pas de se ranger eux m\u00eame avec quelques r\u00e9serves. Profitant de la pr\u00e9sence de Tom Gareil et de Yann Lecollaire dans la grande formation de Marc Ducret, ils travaillent leur expression musicale dans la lign\u00e9 d\u2019une actualit\u00e9 en mouvement, saisissant les modes d\u2019\u00e9criture contemporain \u00e0 l\u2019\u00e9chelle de leurs connaissances, tout en essayant de ne jamais s\u2019\u00e9loigner de leur doutes propres. Depuis fin 2007, Fonetic travaille aussi en 5tet avec la chanteuse Emilie Lesbros, autour d\u2019un projet sur le son des mots. Ils exp\u00e9rimentent avec elle un tout nouveau r\u00e9pertoire sur des d\u00e9finitions de mots du dictionnaire&#8230; prosodies&#8230;<\/p>\n","protected":false},"excerpt":{"rendered":"<p>Ars\u00e8ne Tryphon Algecow CD 3 titres Pop-up CALL ME A WAY (SOMETHING) &#8211; BLOUSE ? &#8211; BRAISE COLLA Thomas Barri\u00e8reGuitares, bidons d\u2019essence,voix, toy piano, farandole d\u2019objets.. Bastien PelencClaviers, toy piano, voix, babioles bigarr\u00e9es et fourbi sans nom. Enregistr\u00e9 et mix\u00e9 par Greg Cosenza au Mi\u00e8ge BoalGraphisme : Yoan Armand Gil Horse give birth to fly &hellip; <a href=\"http:\/\/venusdailleurs.fr\/?page_id=2648\" class=\"more-link\">Continuer la lecture de <span class=\"screen-reader-text\">Muse Sick<\/span><\/a><\/p>\n","protected":false},"author":1,"featured_media":0,"parent":0,"menu_order":0,"comment_status":"closed","ping_status":"closed","template":"","meta":[],"_links":{"self":[{"href":"http:\/\/venusdailleurs.fr\/index.php?rest_route=\/wp\/v2\/pages\/2648"}],"collection":[{"href":"http:\/\/venusdailleurs.fr\/index.php?rest_route=\/wp\/v2\/pages"}],"about":[{"href":"http:\/\/venusdailleurs.fr\/index.php?rest_route=\/wp\/v2\/types\/page"}],"author":[{"embeddable":true,"href":"http:\/\/venusdailleurs.fr\/index.php?rest_route=\/wp\/v2\/users\/1"}],"replies":[{"embeddable":true,"href":"http:\/\/venusdailleurs.fr\/index.php?rest_route=%2Fwp%2Fv2%2Fcomments&post=2648"}],"version-history":[{"count":7,"href":"http:\/\/venusdailleurs.fr\/index.php?rest_route=\/wp\/v2\/pages\/2648\/revisions"}],"predecessor-version":[{"id":4648,"href":"http:\/\/venusdailleurs.fr\/index.php?rest_route=\/wp\/v2\/pages\/2648\/revisions\/4648"}],"wp:attachment":[{"href":"http:\/\/venusdailleurs.fr\/index.php?rest_route=%2Fwp%2Fv2%2Fmedia&parent=2648"}],"curies":[{"name":"wp","href":"https:\/\/api.w.org\/{rel}","templated":true}]}}