{"id":2605,"date":"2023-06-11T22:38:38","date_gmt":"2023-06-11T20:38:38","guid":{"rendered":"http:\/\/venusdailleurs.fr\/?page_id=2605"},"modified":"2023-06-12T13:14:10","modified_gmt":"2023-06-12T11:14:10","slug":"catalogue-galerie-17","status":"publish","type":"page","link":"http:\/\/venusdailleurs.fr\/?page_id=2605","title":{"rendered":"Catalogue Galerie 17"},"content":{"rendered":"<div class=\"wp-block-image\">\n<figure class=\"aligncenter size-full\"><img decoding=\"async\" loading=\"lazy\" width=\"600\" height=\"600\" src=\"http:\/\/venusdailleurs.fr\/wp-content\/uploads\/2023\/06\/ob_4e0160_couv-g17.png\" alt=\"\" class=\"wp-image-2590\" srcset=\"http:\/\/venusdailleurs.fr\/wp-content\/uploads\/2023\/06\/ob_4e0160_couv-g17.png 600w, http:\/\/venusdailleurs.fr\/wp-content\/uploads\/2023\/06\/ob_4e0160_couv-g17-300x300.png 300w, http:\/\/venusdailleurs.fr\/wp-content\/uploads\/2023\/06\/ob_4e0160_couv-g17-150x150.png 150w\" sizes=\"(max-width: 600px) 100vw, 600px\" \/><\/figure><\/div>\n\n\n<p>Ann\u00e9es 2011 &#8211; 2013<\/p>\n\n\n\n<p>Textes de Jo\u00eblle Busca<\/p>\n\n\n\n<p><br>Benoit Pingeot, Michel Cadi\u00e8re, Susan Mende, Alain Snyers, Charles Dreyfus, Augustin Pineau, Za\u00efda Gonzalez, Yoan Armand Gil, Claude Ballar\u00e9, Lou Dubois, Charles Dreyfus, Gr\u00e9goire Lacroix, Philippe Lemaire, Marcel Mari\u00ebn, Patrice M\u00e9riot, Nathalie Moulin, Salvatore Puglia, Aur\u00e9lie Aura, Christian Gabriel\/le Guez Ricord, Bruno Garrigues, Christian Van Haesendonck, Yves Reynier, Darnish<\/p>\n\n\n\n<p>Catalogue offert \u00e0 tous les visiteurs de la Galerie 17 \u00e0 partir de 2014.<\/p>\n\n\n\n<p>72 pages -couleurs et N&amp;B. 14,5\/14,5 cm.<\/p>\n\n\n\n<p><a href=\"http:\/\/venusdailleurs.fr\/wp-content\/uploads\/2023\/06\/catalogue-g17.pdf\">TELECHARGER LE CATALOGUE EN PDF<\/a><\/p>\n","protected":false},"excerpt":{"rendered":"<p>Ann\u00e9es 2011 &#8211; 2013 Textes de Jo\u00eblle Busca Benoit Pingeot, Michel Cadi\u00e8re, Susan Mende, Alain Snyers, Charles Dreyfus, Augustin Pineau, Za\u00efda Gonzalez, Yoan Armand Gil, Claude Ballar\u00e9, Lou Dubois, Charles Dreyfus, Gr\u00e9goire Lacroix, Philippe Lemaire, Marcel Mari\u00ebn, Patrice M\u00e9riot, Nathalie Moulin, Salvatore Puglia, Aur\u00e9lie Aura, Christian Gabriel\/le Guez Ricord, Bruno Garrigues, Christian Van Haesendonck, Yves &hellip; <a href=\"http:\/\/venusdailleurs.fr\/?page_id=2605\" class=\"more-link\">Continuer la lecture de <span class=\"screen-reader-text\">Catalogue Galerie 17<\/span><\/a><\/p>\n","protected":false},"author":1,"featured_media":0,"parent":0,"menu_order":0,"comment_status":"closed","ping_status":"closed","template":"","meta":[],"_links":{"self":[{"href":"http:\/\/venusdailleurs.fr\/index.php?rest_route=\/wp\/v2\/pages\/2605"}],"collection":[{"href":"http:\/\/venusdailleurs.fr\/index.php?rest_route=\/wp\/v2\/pages"}],"about":[{"href":"http:\/\/venusdailleurs.fr\/index.php?rest_route=\/wp\/v2\/types\/page"}],"author":[{"embeddable":true,"href":"http:\/\/venusdailleurs.fr\/index.php?rest_route=\/wp\/v2\/users\/1"}],"replies":[{"embeddable":true,"href":"http:\/\/venusdailleurs.fr\/index.php?rest_route=%2Fwp%2Fv2%2Fcomments&post=2605"}],"version-history":[{"count":3,"href":"http:\/\/venusdailleurs.fr\/index.php?rest_route=\/wp\/v2\/pages\/2605\/revisions"}],"predecessor-version":[{"id":2866,"href":"http:\/\/venusdailleurs.fr\/index.php?rest_route=\/wp\/v2\/pages\/2605\/revisions\/2866"}],"wp:attachment":[{"href":"http:\/\/venusdailleurs.fr\/index.php?rest_route=%2Fwp%2Fv2%2Fmedia&parent=2605"}],"curies":[{"name":"wp","href":"https:\/\/api.w.org\/{rel}","templated":true}]}}

<div class="wp-block-image">
<figure class="aligncenter size-full"><img decoding="async" loading="lazy" width="600" height="600" src="http://venusdailleurs.fr/wp-content/uploads/2023/06/ob_4e0160_couv-g17.png" alt="" class="wp-image-2590" srcset="http://venusdailleurs.fr/wp-content/uploads/2023/06/ob_4e0160_couv-g17.png 600w, http://venusdailleurs.fr/wp-content/uploads/2023/06/ob_4e0160_couv-g17-300x300.png 300w, http://venusdailleurs.fr/wp-content/uploads/2023/06/ob_4e0160_couv-g17-150x150.png 150w" sizes="(max-width: 600px) 100vw, 600px" /></figure></div>


<p>Années 2011 &#8211; 2013</p>



<p>Textes de Joëlle Busca</p>



<p><br>Benoit Pingeot, Michel Cadière, Susan Mende, Alain Snyers, Charles Dreyfus, Augustin Pineau, Zaïda Gonzalez, Yoan Armand Gil, Claude Ballaré, Lou Dubois, Charles Dreyfus, Grégoire Lacroix, Philippe Lemaire, Marcel Mariën, Patrice Mériot, Nathalie Moulin, Salvatore Puglia, Aurélie Aura, Christian Gabriel/le Guez Ricord, Bruno Garrigues, Christian Van Haesendonck, Yves Reynier, Darnish</p>



<p>Catalogue offert à tous les visiteurs de la Galerie 17 à partir de 2014.</p>



<p>72 pages -couleurs et N&amp;B. 14,5/14,5 cm.</p>



<p><a href="http://venusdailleurs.fr/wp-content/uploads/2023/06/catalogue-g17.pdf">TELECHARGER LE CATALOGUE EN PDF</a></p>

<p>Années 2011 &#8211; 2013 Textes de Joëlle Busca Benoit Pingeot, Michel Cadière, Susan Mende, Alain Snyers, Charles Dreyfus, Augustin Pineau, Zaïda Gonzalez, Yoan Armand Gil, Claude Ballaré, Lou Dubois, Charles Dreyfus, Grégoire Lacroix, Philippe Lemaire, Marcel Mariën, Patrice Mériot, Nathalie Moulin, Salvatore Puglia, Aurélie Aura, Christian Gabriel/le Guez Ricord, Bruno Garrigues, Christian Van Haesendonck, Yves &hellip; <a href="http://venusdailleurs.fr/?page_id=2605" class="more-link">Continuer la lecture de <span class="screen-reader-text">Catalogue Galerie 17</span></a></p>
