{"id":2261,"date":"2023-06-11T11:45:31","date_gmt":"2023-06-11T09:45:31","guid":{"rendered":"http:\/\/venusdailleurs.fr\/?page_id=2261"},"modified":"2023-06-11T11:45:31","modified_gmt":"2023-06-11T09:45:31","slug":"le-symbolisme-en-peinture-chez-gauguin","status":"publish","type":"page","link":"http:\/\/venusdailleurs.fr\/?page_id=2261","title":{"rendered":"Le symbolisme en peinture chez Gauguin"},"content":{"rendered":"\n<p><strong>Gabriel-Albert Aurier<\/strong><\/p>\n\n\n\n<figure class=\"wp-block-image size-full\"><img decoding=\"async\" loading=\"lazy\" width=\"509\" height=\"652\" src=\"http:\/\/venusdailleurs.fr\/wp-content\/uploads\/2023\/06\/idea-symbolisme-romantisme.jpg\" alt=\"\" class=\"wp-image-2087\" srcset=\"http:\/\/venusdailleurs.fr\/wp-content\/uploads\/2023\/06\/idea-symbolisme-romantisme.jpg 509w, http:\/\/venusdailleurs.fr\/wp-content\/uploads\/2023\/06\/idea-symbolisme-romantisme-234x300.jpg 234w\" sizes=\"(max-width: 509px) 100vw, 509px\" \/><\/figure>\n\n\n\n<p class=\"has-text-align-right\">Que crois-tu qu\u2019il r\u00e9pondrait si on lui disait que, jusqu\u2019alors, il n\u2019a vu que des fant\u00f4mes, qu\u2019\u00e0 pr\u00e9sent il a devant les yeux des objets plus r\u00e9els et plus pr\u00e8s de la v\u00e9rit\u00e9? Ne penserait-il pas que ce qu\u2019il voyait auparavant \u00e9tait plus r\u00e9el que ce qu\u2019on lui montre?<br><br>Platon<\/p>\n\n\n\n<p>30 pages 14&#215;18 cm.<\/p>\n\n\n\n<p>8 \u20ac<\/p>\n\n\n\n<p><a href=\"https:\/\/venus-dailleurs.sumupstore.com\/article\/le-symbolisme-en-peinture-chez-gauguin\" target=\"_blank\" rel=\"noreferrer noopener\">COMMANDER<\/a><\/p>\n","protected":false},"excerpt":{"rendered":"<p>Gabriel-Albert Aurier Que crois-tu qu\u2019il r\u00e9pondrait si on lui disait que, jusqu\u2019alors, il n\u2019a vu que des fant\u00f4mes, qu\u2019\u00e0 pr\u00e9sent il a devant les yeux des objets plus r\u00e9els et plus pr\u00e8s de la v\u00e9rit\u00e9? Ne penserait-il pas que ce qu\u2019il voyait auparavant \u00e9tait plus r\u00e9el que ce qu\u2019on lui montre? Platon 30 pages 14&#215;18 &hellip; <a href=\"http:\/\/venusdailleurs.fr\/?page_id=2261\" class=\"more-link\">Continuer la lecture de <span class=\"screen-reader-text\">Le symbolisme en peinture chez Gauguin<\/span><\/a><\/p>\n","protected":false},"author":1,"featured_media":0,"parent":0,"menu_order":0,"comment_status":"closed","ping_status":"closed","template":"","meta":[],"_links":{"self":[{"href":"http:\/\/venusdailleurs.fr\/index.php?rest_route=\/wp\/v2\/pages\/2261"}],"collection":[{"href":"http:\/\/venusdailleurs.fr\/index.php?rest_route=\/wp\/v2\/pages"}],"about":[{"href":"http:\/\/venusdailleurs.fr\/index.php?rest_route=\/wp\/v2\/types\/page"}],"author":[{"embeddable":true,"href":"http:\/\/venusdailleurs.fr\/index.php?rest_route=\/wp\/v2\/users\/1"}],"replies":[{"embeddable":true,"href":"http:\/\/venusdailleurs.fr\/index.php?rest_route=%2Fwp%2Fv2%2Fcomments&post=2261"}],"version-history":[{"count":1,"href":"http:\/\/venusdailleurs.fr\/index.php?rest_route=\/wp\/v2\/pages\/2261\/revisions"}],"predecessor-version":[{"id":2262,"href":"http:\/\/venusdailleurs.fr\/index.php?rest_route=\/wp\/v2\/pages\/2261\/revisions\/2262"}],"wp:attachment":[{"href":"http:\/\/venusdailleurs.fr\/index.php?rest_route=%2Fwp%2Fv2%2Fmedia&parent=2261"}],"curies":[{"name":"wp","href":"https:\/\/api.w.org\/{rel}","templated":true}]}}