{"id":2145,"date":"2023-06-10T23:58:29","date_gmt":"2023-06-10T21:58:29","guid":{"rendered":"http:\/\/venusdailleurs.fr\/?page_id=2145"},"modified":"2023-06-11T17:44:41","modified_gmt":"2023-06-11T15:44:41","slug":"larche-utopique","status":"publish","type":"page","link":"http:\/\/venusdailleurs.fr\/?page_id=2145","title":{"rendered":"L&rsquo;arche utopique"},"content":{"rendered":"\n<p>Le surr\u00e9alisme et la Loge ma\u00e7onnique Th\u00e9bah<\/p>\n\n\n\n<p>David Nadeau<\/p>\n\n\n\n<figure class=\"wp-block-image size-large\"><img decoding=\"async\" loading=\"lazy\" width=\"1024\" height=\"1024\" src=\"http:\/\/venusdailleurs.fr\/wp-content\/uploads\/2023\/06\/David-Nadeau-LArche-Utopique-1024x1024.jpg\" alt=\"\" class=\"wp-image-2351\" srcset=\"http:\/\/venusdailleurs.fr\/wp-content\/uploads\/2023\/06\/David-Nadeau-LArche-Utopique-1024x1024.jpg 1024w, http:\/\/venusdailleurs.fr\/wp-content\/uploads\/2023\/06\/David-Nadeau-LArche-Utopique-300x300.jpg 300w, http:\/\/venusdailleurs.fr\/wp-content\/uploads\/2023\/06\/David-Nadeau-LArche-Utopique-150x150.jpg 150w, http:\/\/venusdailleurs.fr\/wp-content\/uploads\/2023\/06\/David-Nadeau-LArche-Utopique-768x768.jpg 768w, http:\/\/venusdailleurs.fr\/wp-content\/uploads\/2023\/06\/David-Nadeau-LArche-Utopique-1536x1536.jpg 1536w, http:\/\/venusdailleurs.fr\/wp-content\/uploads\/2023\/06\/David-Nadeau-LArche-Utopique-2048x2048.jpg 2048w\" sizes=\"(max-width: 1024px) 100vw, 1024px\" \/><\/figure>\n\n\n\n<p>Amorc\u00e9e en 2004, cette \u00e9tude se situe dans le prolongement des travaux de Jean-Pierre Lassalle et de Patrick Lepetit, au sujet des rapports entre le surr\u00e9alisme et l\u2019herm\u00e9tisme. Elle a pour but de pr\u00e9senter les diff\u00e9rents surr\u00e9alistes associ\u00e9s, aux alentours de 1959-1963, \u00e0 la Loge ma\u00e7onnique Th\u00e9bah (\u00ab l\u2019Arche \u00bb en h\u00e9breux)&#8230;<br>Selon Jean-Pierre Lassalle, le recrutement de la loge Th\u00e9bah \u00ab \u00e9tait s\u00e9lectif et l\u2019on y trouvait nombre d\u2019esprits originaux, \u00e0 la fois tourn\u00e9s vers la tradition et ouverts aux novateurs \u00bb. L\u2019\u00e9crivain \u00e9sot\u00e9riste Ren\u00e9 Gu\u00e9non y a \u00e9t\u00e9 initi\u00e9 en 1912. &nbsp;<br>\u00ab En quelques ann\u00e9es, nous dit Lassalle, la Loge Th\u00e9bah rassembla en son sein plusieurs Surr\u00e9alistes parmi lesquels Ren\u00e9 Alleau, Elie-Charles Flamand, Bernard Roger, Guy-Ren\u00e9 Doumayrou, Roger Van Hecke, Jean Palou. \u00bb. Presque tous ont pratiqu\u00e9 l\u2019alchimie&#8230;<br>&nbsp;<\/p>\n\n\n\n<p>176 pages illustr\u00e9es. 20&#215;28 cm.<\/p>\n\n\n\n<p>33 \u20ac<\/p>\n\n\n\n<p><a href=\"https:\/\/venus-dailleurs.sumupstore.com\/article\/l-arche-utopique\" target=\"_blank\" rel=\"noreferrer noopener\">ACHETER EN LIGNE<\/a><\/p>\n","protected":false},"excerpt":{"rendered":"<p>Le surr\u00e9alisme et la Loge ma\u00e7onnique Th\u00e9bah David Nadeau Amorc\u00e9e en 2004, cette \u00e9tude se situe dans le prolongement des travaux de Jean-Pierre Lassalle et de Patrick Lepetit, au sujet des rapports entre le surr\u00e9alisme et l\u2019herm\u00e9tisme. Elle a pour but de pr\u00e9senter les diff\u00e9rents surr\u00e9alistes associ\u00e9s, aux alentours de 1959-1963, \u00e0 la Loge ma\u00e7onnique &hellip; <a href=\"http:\/\/venusdailleurs.fr\/?page_id=2145\" class=\"more-link\">Continuer la lecture de <span class=\"screen-reader-text\">L&rsquo;arche utopique<\/span><\/a><\/p>\n","protected":false},"author":1,"featured_media":0,"parent":0,"menu_order":0,"comment_status":"closed","ping_status":"closed","template":"","meta":[],"_links":{"self":[{"href":"http:\/\/venusdailleurs.fr\/index.php?rest_route=\/wp\/v2\/pages\/2145"}],"collection":[{"href":"http:\/\/venusdailleurs.fr\/index.php?rest_route=\/wp\/v2\/pages"}],"about":[{"href":"http:\/\/venusdailleurs.fr\/index.php?rest_route=\/wp\/v2\/types\/page"}],"author":[{"embeddable":true,"href":"http:\/\/venusdailleurs.fr\/index.php?rest_route=\/wp\/v2\/users\/1"}],"replies":[{"embeddable":true,"href":"http:\/\/venusdailleurs.fr\/index.php?rest_route=%2Fwp%2Fv2%2Fcomments&post=2145"}],"version-history":[{"count":2,"href":"http:\/\/venusdailleurs.fr\/index.php?rest_route=\/wp\/v2\/pages\/2145\/revisions"}],"predecessor-version":[{"id":2358,"href":"http:\/\/venusdailleurs.fr\/index.php?rest_route=\/wp\/v2\/pages\/2145\/revisions\/2358"}],"wp:attachment":[{"href":"http:\/\/venusdailleurs.fr\/index.php?rest_route=%2Fwp%2Fv2%2Fmedia&parent=2145"}],"curies":[{"name":"wp","href":"https:\/\/api.w.org\/{rel}","templated":true}]}}