{"id":2143,"date":"2023-06-10T23:56:37","date_gmt":"2023-06-10T21:56:37","guid":{"rendered":"http:\/\/venusdailleurs.fr\/?page_id=2143"},"modified":"2023-06-10T23:56:37","modified_gmt":"2023-06-10T21:56:37","slug":"les-demeures-de-linvisible","status":"publish","type":"page","link":"http:\/\/venusdailleurs.fr\/?page_id=2143","title":{"rendered":"Les demeures de l&rsquo;invisible"},"content":{"rendered":"\n<p>La symbolique traditionnelle en architecture.<\/p>\n\n\n\n<p>Bernard Roger<\/p>\n\n\n\n<figure class=\"wp-block-image is-resized\"><img decoding=\"async\" loading=\"lazy\" src=\"http:\/\/venusdailleurs.fr\/wp-content\/uploads\/2023\/06\/les-demeures-scaled.jpg\" alt=\"\" class=\"wp-image-2140\" width=\"383\" height=\"557\" srcset=\"http:\/\/venusdailleurs.fr\/wp-content\/uploads\/2023\/06\/les-demeures-scaled.jpg 1759w, http:\/\/venusdailleurs.fr\/wp-content\/uploads\/2023\/06\/les-demeures-206x300.jpg 206w, http:\/\/venusdailleurs.fr\/wp-content\/uploads\/2023\/06\/les-demeures-704x1024.jpg 704w, http:\/\/venusdailleurs.fr\/wp-content\/uploads\/2023\/06\/les-demeures-768x1117.jpg 768w, http:\/\/venusdailleurs.fr\/wp-content\/uploads\/2023\/06\/les-demeures-1056x1536.jpg 1056w, http:\/\/venusdailleurs.fr\/wp-content\/uploads\/2023\/06\/les-demeures-1408x2048.jpg 1408w\" sizes=\"(max-width: 383px) 100vw, 383px\" \/><\/figure>\n\n\n\n<p><\/p>\n\n\n\n<p>Po\u00e8te, Bernard Roger (n\u00e9 en 1924) a poursuivi sa carri\u00e8re d\u2019architecte \u00e0 Paris.<br>Membre du groupe surr\u00e9aliste parisien, il s\u2019en \u00e9loigne \u00e0 la fin des ann\u00e9es soixante, \u00ab pour mieux se consacrer \u00e0 la Franc-Ma\u00e7onnerie et \u00e0 l\u2019alchimie, mais il reste li\u00e9 au mouvement \u00bb.<br>Dans le prolongement des travaux de Fulcanelli et du Cercle Herm\u00e8s, Roger \u00e9tudie la pr\u00e9sence d\u2019embl\u00e8mes alchimiques dans l\u2019architecture.<br>Son ouvrage, les demeures de l\u2019invisible, livre d\u2019un authentique po\u00e8te doubl\u00e9 d\u2019un grand \u00e9rudit, se consacre aux rapports entre cet art architectural et celui d\u2019Herm\u00e8s, du \u00abcommencement des temps\u00bb jusqu\u2019au XVIIIeme si\u00e8cle &#8211; et m\u00eame d\u2019une certaine mani\u00e8re, jusqu\u2019\u00e0 Gaudi et au surr\u00e9alisme &#8211; en passant par la Gr\u00e8ce antique et l\u2019Europe m\u00e9di\u00e9vale\u2026<\/p>\n\n\n\n<p>102 pages illustr\u00e9es. 20&#215;28 cm.<\/p>\n\n\n\n<p>25 \u20ac<\/p>\n\n\n\n<p>\u200b<\/p>\n\n\n\n<p><a href=\"https:\/\/venus-dailleurs.sumupstore.com\/article\/les-demeures-de-l-invisible\" target=\"_blank\" rel=\"noreferrer noopener\">ACHETER EN LIGNE<\/a><\/p>\n","protected":false},"excerpt":{"rendered":"<p>La symbolique traditionnelle en architecture. Bernard Roger Po\u00e8te, Bernard Roger (n\u00e9 en 1924) a poursuivi sa carri\u00e8re d\u2019architecte \u00e0 Paris.Membre du groupe surr\u00e9aliste parisien, il s\u2019en \u00e9loigne \u00e0 la fin des ann\u00e9es soixante, \u00ab pour mieux se consacrer \u00e0 la Franc-Ma\u00e7onnerie et \u00e0 l\u2019alchimie, mais il reste li\u00e9 au mouvement \u00bb.Dans le prolongement des travaux &hellip; <a href=\"http:\/\/venusdailleurs.fr\/?page_id=2143\" class=\"more-link\">Continuer la lecture de <span class=\"screen-reader-text\">Les demeures de l&rsquo;invisible<\/span><\/a><\/p>\n","protected":false},"author":1,"featured_media":0,"parent":0,"menu_order":0,"comment_status":"closed","ping_status":"closed","template":"","meta":[],"_links":{"self":[{"href":"http:\/\/venusdailleurs.fr\/index.php?rest_route=\/wp\/v2\/pages\/2143"}],"collection":[{"href":"http:\/\/venusdailleurs.fr\/index.php?rest_route=\/wp\/v2\/pages"}],"about":[{"href":"http:\/\/venusdailleurs.fr\/index.php?rest_route=\/wp\/v2\/types\/page"}],"author":[{"embeddable":true,"href":"http:\/\/venusdailleurs.fr\/index.php?rest_route=\/wp\/v2\/users\/1"}],"replies":[{"embeddable":true,"href":"http:\/\/venusdailleurs.fr\/index.php?rest_route=%2Fwp%2Fv2%2Fcomments&post=2143"}],"version-history":[{"count":1,"href":"http:\/\/venusdailleurs.fr\/index.php?rest_route=\/wp\/v2\/pages\/2143\/revisions"}],"predecessor-version":[{"id":2144,"href":"http:\/\/venusdailleurs.fr\/index.php?rest_route=\/wp\/v2\/pages\/2143\/revisions\/2144"}],"wp:attachment":[{"href":"http:\/\/venusdailleurs.fr\/index.php?rest_route=%2Fwp%2Fv2%2Fmedia&parent=2143"}],"curies":[{"name":"wp","href":"https:\/\/api.w.org\/{rel}","templated":true}]}}

<p>La symbolique traditionnelle en architecture.</p>



<p>Bernard Roger</p>



<figure class="wp-block-image is-resized"><img decoding="async" loading="lazy" src="http://venusdailleurs.fr/wp-content/uploads/2023/06/les-demeures-scaled.jpg" alt="" class="wp-image-2140" width="383" height="557" srcset="http://venusdailleurs.fr/wp-content/uploads/2023/06/les-demeures-scaled.jpg 1759w, http://venusdailleurs.fr/wp-content/uploads/2023/06/les-demeures-206x300.jpg 206w, http://venusdailleurs.fr/wp-content/uploads/2023/06/les-demeures-704x1024.jpg 704w, http://venusdailleurs.fr/wp-content/uploads/2023/06/les-demeures-768x1117.jpg 768w, http://venusdailleurs.fr/wp-content/uploads/2023/06/les-demeures-1056x1536.jpg 1056w, http://venusdailleurs.fr/wp-content/uploads/2023/06/les-demeures-1408x2048.jpg 1408w" sizes="(max-width: 383px) 100vw, 383px" /></figure>



<p></p>



<p>Poète, Bernard Roger (né en 1924) a poursuivi sa carrière d’architecte à Paris.<br>Membre du groupe surréaliste parisien, il s’en éloigne à la fin des années soixante, « pour mieux se consacrer à la Franc-Maçonnerie et à l’alchimie, mais il reste lié au mouvement ».<br>Dans le prolongement des travaux de Fulcanelli et du Cercle Hermès, Roger étudie la présence d’emblèmes alchimiques dans l’architecture.<br>Son ouvrage, les demeures de l’invisible, livre d’un authentique poète doublé d’un grand érudit, se consacre aux rapports entre cet art architectural et celui d’Hermès, du «commencement des temps» jusqu’au XVIIIeme siècle &#8211; et même d’une certaine manière, jusqu’à Gaudi et au surréalisme &#8211; en passant par la Grèce antique et l’Europe médiévale…</p>



<p>102 pages illustrées. 20&#215;28 cm.</p>



<p>25 €</p>



<p>​</p>



<p><a href="https://venus-dailleurs.sumupstore.com/article/les-demeures-de-l-invisible" target="_blank" rel="noreferrer noopener">ACHETER EN LIGNE</a></p>

<p>La symbolique traditionnelle en architecture. Bernard Roger Poète, Bernard Roger (né en 1924) a poursuivi sa carrière d’architecte à Paris.Membre du groupe surréaliste parisien, il s’en éloigne à la fin des années soixante, « pour mieux se consacrer à la Franc-Maçonnerie et à l’alchimie, mais il reste lié au mouvement ».Dans le prolongement des travaux &hellip; <a href="http://venusdailleurs.fr/?page_id=2143" class="more-link">Continuer la lecture de <span class="screen-reader-text">Les demeures de l&rsquo;invisible</span></a></p>
